{"id":10580,"date":"2022-07-21T16:48:12","date_gmt":"2022-07-21T14:48:12","guid":{"rendered":"https:\/\/apologia.hu\/tudastar\/?post_type=encyclopedia&#038;p=10580"},"modified":"2022-11-16T13:32:27","modified_gmt":"2022-11-16T12:32:27","slug":"abrahami-vallasok","status":"publish","type":"encyclopedia","link":"https:\/\/apologia.hu\/tudastar\/lexikon\/abrahami-vallasok\/","title":{"rendered":"\u00e1brah\u00e1mi vall\u00e1sok"},"content":{"rendered":"<p>Olyan vall&aacute;sokat tekintenek &bdquo;&aacute;brah&aacute;mi vall&aacute;soknak&rdquo;, amelyekben a bibliai &Aacute;brah&aacute;m hivatkoz&aacute;si alap, &iacute;gy a zsid&oacute;s&aacute;g, a kereszt&eacute;nys&eacute;g &eacute;s az <a href=\"https:\/\/apologia.hu\/tudastar\/lexikon\/iszlam\/\" target=\"_self\" title=\"Arabul &bdquo;megb&eacute;k&eacute;l&eacute;s&rdquo; Allah akarat&aacute;val vagy &bdquo;&ouml;nal&aacute;vet&eacute;s&rdquo; Allah akarat&aacute;nak &ndash;&nbsp;Az iszl&aacute;m vall&aacute;s &ouml;nmegnevez&eacute;se az aszlama = megb&eacute;k&eacute;lni, beh&oacute;dolni, &ouml;nmag&aacute;t al&aacute;vetni jelent&eacute;s&#369; ig&eacute;b&#337;l. Az iszl&aacute;m az i.sz. 7. sz. j&ouml;tt l&eacute;tre, alap&iacute;t&oacute;ja Mohamed (570-623), az iszl&aacute;m pr&oacute;f&eacute;t&aacute;ja, Allah k&uuml;ld&ouml;tte. Allah az &uuml;zeneteit a hetedik &eacute;gb&#337;l lek&uuml;ldte [nuzul] Dzsibr&iacute;l arkangyallal, hogy ledikt&aacute;lja Mohamednek, aki recit&aacute;lta &eacute;s h&iacute;veivel memoriz&aacute;lta&hellip;\" class=\"encyclopedia\">iszl&aacute;m<\/a> mind &bdquo;&aacute;brah&aacute;mi vall&aacute;s&rdquo;. A fogalom &eacute;s haszn&aacute;lhat&oacute;s&aacute;ga t&ouml;bb szempontb&oacute;l vitathat&oacute;, hiszen csak az <a href=\"https:\/\/apologia.hu\/tudastar\/lexikon\/iszlam\/\" target=\"_self\" title=\"Arabul &bdquo;megb&eacute;k&eacute;l&eacute;s&rdquo; Allah akarat&aacute;val vagy &bdquo;&ouml;nal&aacute;vet&eacute;s&rdquo; Allah akarat&aacute;nak &ndash;&nbsp;Az iszl&aacute;m vall&aacute;s &ouml;nmegnevez&eacute;se az aszlama = megb&eacute;k&eacute;lni, beh&oacute;dolni, &ouml;nmag&aacute;t al&aacute;vetni jelent&eacute;s&#369; ig&eacute;b&#337;l. Az iszl&aacute;m az i.sz. 7. sz. j&ouml;tt l&eacute;tre, alap&iacute;t&oacute;ja Mohamed (570-623), az iszl&aacute;m pr&oacute;f&eacute;t&aacute;ja, Allah k&uuml;ld&ouml;tte. Allah az &uuml;zeneteit a hetedik &eacute;gb&#337;l lek&uuml;ldte [nuzul] Dzsibr&iacute;l arkangyallal, hogy ledikt&aacute;lja Mohamednek, aki recit&aacute;lta &eacute;s h&iacute;veivel memoriz&aacute;lta&hellip;\" class=\"encyclopedia\">iszl&aacute;m<\/a> nevezi <em>saj&aacute;t mag&aacute;t <\/em>&Aacute;brah&aacute;m vall&aacute;s&aacute;nak, m&eacute;ghozz&aacute; a kereszt&eacute;nys&eacute;ggel &eacute;s a zsid&oacute;s&aacute;ggal <em>szemben<\/em>.<\/p>\n<p>&Aacute;brah&aacute;mnak ui. eleve mindegyik vall&aacute;sban m&aacute;s szerepe van, m&aacute;s &eacute;rtelemben hivatkoz&aacute;si alap. A h&eacute;ber Bibli&aacute;ban a zsid&oacute;k &#337;satyja, akivel Isten sz&ouml;vets&eacute;get k&ouml;t&ouml;tt (1M&oacute;z 12). Az &Uacute;jsz&ouml;vets&eacute;gben &ndash; ezen k&iacute;v&uuml;l &ndash; a cselekv&#337; h&iacute;v&#337; archet&iacute;pusa (R&oacute;m 4, Gal 3, Jak 2). A Kor&aacute;nban viszont a b&aacute;lv&aacute;nyait &ndash; &iacute;rott isteni kinyilatkoztat&aacute;s n&eacute;lk&uuml;l &ndash; elhagy&oacute; &bdquo;term&eacute;szetes monoteista&rdquo; [<em><a href=\"https:\/\/apologia.hu\/tudastar\/lexikon\/hanif\/\" target=\"_self\" title=\"Arabul &bdquo;(el)hajl&oacute;&rdquo; &ndash; Az iszl&aacute;m egyik &ouml;n&eacute;rtelmez&eacute;se. A kifejez&eacute;s a &bdquo;hajolni&rdquo; vagy &bdquo;elhajolni&rdquo; jelent&eacute;s&#369; ig&eacute;b&#337;l sz&aacute;rmazik, &eacute;s a Kor&aacute;nban olyasvalakit jelent, aki a pog&aacute;ny, zsid&oacute;, kereszt&eacute;ny stb. vall&aacute;si neveltet&eacute;s&eacute;t megtagadva arra &bdquo;hajlik&rdquo;, hogy az eredeti, bel&eacute; teremtett, term&eacute;szetes vall&aacute;si &eacute;rz&eacute;knek [fitra] engedelmeskedjen, amire a legjobb p&eacute;lda a politeista &ouml;r&ouml;ks&eacute;g&eacute;t megtagad&oacute; &Aacute;brah&aacute;m (Q 26:69-89 21:51-72 6:74&hellip;\" class=\"encyclopedia\">han&iacute;f<\/a><\/em>] mintap&eacute;ld&aacute;ja (Q 26:6989 21:51-72 6:74 stb.), aki &bdquo;nem volt sem zsid&oacute;, sem kereszt&eacute;ny, hanem <a href=\"https:\/\/apologia.hu\/tudastar\/lexikon\/hanif\/\" target=\"_self\" title=\"Arabul &bdquo;(el)hajl&oacute;&rdquo; &ndash; Az iszl&aacute;m egyik &ouml;n&eacute;rtelmez&eacute;se. A kifejez&eacute;s a &bdquo;hajolni&rdquo; vagy &bdquo;elhajolni&rdquo; jelent&eacute;s&#369; ig&eacute;b&#337;l sz&aacute;rmazik, &eacute;s a Kor&aacute;nban olyasvalakit jelent, aki a pog&aacute;ny, zsid&oacute;, kereszt&eacute;ny stb. vall&aacute;si neveltet&eacute;s&eacute;t megtagadva arra &bdquo;hajlik&rdquo;, hogy az eredeti, bel&eacute; teremtett, term&eacute;szetes vall&aacute;si &eacute;rz&eacute;knek [fitra] engedelmeskedjen, amire a legjobb p&eacute;lda a politeista &ouml;r&ouml;ks&eacute;g&eacute;t megtagad&oacute; &Aacute;brah&aacute;m (Q 26:69-89 21:51-72 6:74&hellip;\" class=\"encyclopedia\">han&iacute;f<\/a> volt, <a href=\"https:\/\/apologia.hu\/tudastar\/lexikon\/muszlim\/\" target=\"_self\" title=\"Arabul &bdquo;aki al&aacute;veti mag&aacute;t&rdquo; (Allah akarat&aacute;nak), &bdquo;aki megb&eacute;k&eacute;l&rdquo; (Allah akarat&aacute;val) [n&#337;n. muszlima, t.sz. muszlim&uacute;n] &ndash; Az iszl&aacute;m h&iacute;veinek leggyakoribb &ouml;nmegnevez&eacute;se. Az aszlama = megb&eacute;k&eacute;lni, beh&oacute;dolni, &ouml;nmag&aacute;t al&aacute;vetni ig&eacute;b&#337;l. A &bdquo;muszlim&rdquo; magyarul is k&ouml;nnyen kiejthet&#337; &eacute;s elterjedt sz&oacute;. A &bdquo;muzulm&aacute;n&rdquo; v&aacute;ltozat &ndash; a t&ouml;r&ouml;k m&uuml;sz&uuml;lm&eacute;n nyom&aacute;n &ndash; elfogadhat&oacute;, a n&eacute;metes &bdquo;mozlim&rdquo; az akad&eacute;miai aj&aacute;nl&aacute;s ellen&eacute;re sincs&hellip;\" class=\"encyclopedia\">muszlim<\/a>&rdquo;&nbsp; (Q 3:67). Az <a href=\"https:\/\/apologia.hu\/tudastar\/lexikon\/iszlam\/\" target=\"_self\" title=\"Arabul &bdquo;megb&eacute;k&eacute;l&eacute;s&rdquo; Allah akarat&aacute;val vagy &bdquo;&ouml;nal&aacute;vet&eacute;s&rdquo; Allah akarat&aacute;nak &ndash;&nbsp;Az iszl&aacute;m vall&aacute;s &ouml;nmegnevez&eacute;se az aszlama = megb&eacute;k&eacute;lni, beh&oacute;dolni, &ouml;nmag&aacute;t al&aacute;vetni jelent&eacute;s&#369; ig&eacute;b&#337;l. Az iszl&aacute;m az i.sz. 7. sz. j&ouml;tt l&eacute;tre, alap&iacute;t&oacute;ja Mohamed (570-623), az iszl&aacute;m pr&oacute;f&eacute;t&aacute;ja, Allah k&uuml;ld&ouml;tte. Allah az &uuml;zeneteit a hetedik &eacute;gb&#337;l lek&uuml;ldte [nuzul] Dzsibr&iacute;l arkangyallal, hogy ledikt&aacute;lja Mohamednek, aki recit&aacute;lta &eacute;s h&iacute;veivel memoriz&aacute;lta&hellip;\" class=\"encyclopedia\">iszl&aacute;m<\/a> ugyanis a zsid&oacute;s&aacute;ggal &eacute;s a kereszt&eacute;nys&eacute;ggel <em>szemben<\/em> (Q 2:135 3:65-68) lett a <em><a href=\"https:\/\/apologia.hu\/tudastar\/lexikon\/hanif\/\" target=\"_self\" title=\"Arabul &bdquo;(el)hajl&oacute;&rdquo; &ndash; Az iszl&aacute;m egyik &ouml;n&eacute;rtelmez&eacute;se. A kifejez&eacute;s a &bdquo;hajolni&rdquo; vagy &bdquo;elhajolni&rdquo; jelent&eacute;s&#369; ig&eacute;b&#337;l sz&aacute;rmazik, &eacute;s a Kor&aacute;nban olyasvalakit jelent, aki a pog&aacute;ny, zsid&oacute;, kereszt&eacute;ny stb. vall&aacute;si neveltet&eacute;s&eacute;t megtagadva arra &bdquo;hajlik&rdquo;, hogy az eredeti, bel&eacute; teremtett, term&eacute;szetes vall&aacute;si &eacute;rz&eacute;knek [fitra] engedelmeskedjen, amire a legjobb p&eacute;lda a politeista &ouml;r&ouml;ks&eacute;g&eacute;t megtagad&oacute; &Aacute;brah&aacute;m (Q 26:69-89 21:51-72 6:74&hellip;\" class=\"encyclopedia\">han&iacute;f<\/a><\/em> &bdquo;&Aacute;brah&aacute;m vall&aacute;sa&rdquo; [<em>millat <a href=\"https:\/\/apologia.hu\/tudastar\/lexikon\/ibrahim\/\" target=\"_self\" title=\"A bibliai &Aacute;brah&aacute;m neve arabul a Kor&aacute;nban [Ibr&aacute;h&iacute;m].\" class=\"encyclopedia\">Ibr&aacute;h&iacute;m<\/a><\/em>], mint az eredeti vall&aacute;s, amely meg lett tiszt&iacute;tva a zsid&oacute;k &eacute;s kereszt&eacute;nyek elt&eacute;velyed&eacute;seit&#337;l.<\/p>\n","protected":false},"excerpt":{"rendered":"<p>Olyan vall\u00e1sokat tekintenek \u201e\u00e1brah\u00e1mi vall\u00e1soknak\u201d, amelyekben a bibliai \u00c1brah\u00e1m hivatkoz\u00e1si alap, \u00edgy a zsid\u00f3s\u00e1g, a kereszt\u00e9nys\u00e9g \u00e9s az iszl\u00e1m mind \u201e\u00e1brah\u00e1mi vall\u00e1s\u201d. A fogalom \u00e9s haszn\u00e1lhat\u00f3s\u00e1ga t\u00f6bb szempontb\u00f3l vitathat\u00f3, hiszen csak az iszl\u00e1m nevezi saj\u00e1t mag\u00e1t \u00c1brah\u00e1m vall\u00e1s\u00e1nak, m\u00e9ghozz\u00e1 a kereszt\u00e9nys\u00e9ggel \u00e9s a zsid\u00f3s\u00e1ggal szemben. \u00c1brah\u00e1mnak ui. eleve mindegyik vall\u00e1sban m\u00e1s szerepe van, m\u00e1s \u00e9rtelemben &#8230;<\/p>\n","protected":false},"author":2,"featured_media":0,"template":"","encyclopedia-tag":[],"class_list":["post-10580","encyclopedia","type-encyclopedia","status-publish","hentry"],"_links":{"self":[{"href":"https:\/\/apologia.hu\/tudastar\/wp-json\/wp\/v2\/encyclopedia\/10580","targetHints":{"allow":["GET"]}}],"collection":[{"href":"https:\/\/apologia.hu\/tudastar\/wp-json\/wp\/v2\/encyclopedia"}],"about":[{"href":"https:\/\/apologia.hu\/tudastar\/wp-json\/wp\/v2\/types\/encyclopedia"}],"author":[{"embeddable":true,"href":"https:\/\/apologia.hu\/tudastar\/wp-json\/wp\/v2\/users\/2"}],"version-history":[{"count":14,"href":"https:\/\/apologia.hu\/tudastar\/wp-json\/wp\/v2\/encyclopedia\/10580\/revisions"}],"predecessor-version":[{"id":14874,"href":"https:\/\/apologia.hu\/tudastar\/wp-json\/wp\/v2\/encyclopedia\/10580\/revisions\/14874"}],"wp:attachment":[{"href":"https:\/\/apologia.hu\/tudastar\/wp-json\/wp\/v2\/media?parent=10580"}],"wp:term":[{"taxonomy":"encyclopedia-tag","embeddable":true,"href":"https:\/\/apologia.hu\/tudastar\/wp-json\/wp\/v2\/encyclopedia-tag?post=10580"}],"curies":[{"name":"wp","href":"https:\/\/api.w.org\/{rel}","templated":true}]}}

ábrahámi vallások

<p>Olyan vallásokat tekintenek „ábrahámi vallásoknak”, amelyekben a bibliai Ábrahám hivatkozási alap, így a zsidóság, a kereszténység és az iszlám mind „ábrahámi vallás”. A fogalom és használhatósága több szempontból vitatható, hiszen csak az iszlám nevezi saját magát Ábrahám vallásának, méghozzá a kereszténységgel és a zsidósággal szemben. Ábrahámnak ui. eleve mindegyik vallásban más szerepe van, más értelemben &#8230;</p>
