{"id":10781,"date":"2022-07-27T17:54:13","date_gmt":"2022-07-27T15:54:13","guid":{"rendered":"https:\/\/apologia.hu\/tudastar\/?post_type=encyclopedia&#038;p=10781"},"modified":"2022-07-29T16:46:33","modified_gmt":"2022-07-29T14:46:33","slug":"idzsma","status":"publish","type":"encyclopedia","link":"https:\/\/apologia.hu\/tudastar\/lexikon\/idzsma\/","title":{"rendered":"idzsm\u00e1"},"content":{"rendered":"<p>Arabul &bdquo;megegyez&eacute;s&rdquo; &ndash; Az <a href=\"https:\/\/apologia.hu\/tudastar\/lexikon\/iszlam\/\" target=\"_self\" title=\"Arabul &bdquo;megb&eacute;k&eacute;l&eacute;s&rdquo; Allah akarat&aacute;val vagy &bdquo;&ouml;nal&aacute;vet&eacute;s&rdquo; Allah akarat&aacute;nak &ndash;&nbsp;Az iszl&aacute;m vall&aacute;s &ouml;nmegnevez&eacute;se az aszlama = megb&eacute;k&eacute;lni, beh&oacute;dolni, &ouml;nmag&aacute;t al&aacute;vetni jelent&eacute;s&#369; ig&eacute;b&#337;l. Az iszl&aacute;m az i.sz. 7. sz. j&ouml;tt l&eacute;tre, alap&iacute;t&oacute;ja Mohamed (570-623), az iszl&aacute;m pr&oacute;f&eacute;t&aacute;ja, Allah k&uuml;ld&ouml;tte. Allah az &uuml;zeneteit a hetedik &eacute;gb&#337;l lek&uuml;ldte [nuzul] Dzsibr&iacute;l arkangyallal, hogy ledikt&aacute;lja Mohamednek, aki recit&aacute;lta &eacute;s h&iacute;veivel memoriz&aacute;lta&hellip;\" class=\"encyclopedia\">iszl&aacute;m<\/a> vall&aacute;sjogban [<em><a href=\"https:\/\/apologia.hu\/tudastar\/lexikon\/fiqh\/\" target=\"_self\" title=\"Arabul &bdquo;meg&eacute;rt&eacute;s&rdquo;, ti. a vall&aacute;sjogra vonatkoz&oacute;an &ndash; Az iszl&aacute;m vall&aacute;si jog vagy jogtudom&aacute;ny [usz&uacute;l al-fiqh] felfog&aacute;s&aacute;ban maga Allah a jogalkot&oacute;, az ember csak meg&eacute;rteni, felismerni tudja a jogforr&aacute;sban (Kor&aacute;n, szunna) tal&aacute;lhat&oacute; t&ouml;rv&eacute;nyt. A fiqh vall&aacute;si jog, ez&eacute;rt a hittudom&aacute;nyi k&eacute;pzetts&eacute;g a jogtudom&aacute;ny m&#369;vel&eacute;s&eacute;nek felt&eacute;tele. A sar&iacute;a eg&eacute;sz&eacute;nek &aacute;tfog&oacute; kutat&oacute;ja a vall&aacute;s- &eacute;s jogtud&oacute;s, az &aacute;lim.&hellip;\" class=\"encyclopedia\">fiqh<\/a><\/em>] a konszenzus mint sz&aacute;mos &eacute;s neves jogtud&oacute;s k&ouml;zmegegyez&eacute;se iskol&aacute;t&oacute;l [<em><a href=\"https:\/\/apologia.hu\/tudastar\/lexikon\/madzhab\/\" target=\"_self\" title=\"Arabul &bdquo;cselekv&eacute;si m&oacute;d&rdquo;, &aacute;tvitt &eacute;rtelemben &bdquo;vall&aacute;sjogi iskola&rdquo; [t.sz. madz&aacute;hib] &ndash; Az iszl&aacute;m vall&aacute;sjogban [fiqh] a sz&aacute;zadok sor&aacute;n sok vall&aacute;sjogi iskola j&ouml;tt l&eacute;tre &eacute;s t&#369;nt el, mindegyiket saj&aacute;tos m&oacute;dszertan jellemzi. A mai muszlimok &ndash; legal&aacute;bbis a 2004-es Ammani &Uuml;zenet egys&eacute;gmozgalm&aacute;nak al&aacute;&iacute;r&oacute;i &ndash; nyolc vall&aacute;sjogi iskol&aacute;t fogadnak el: a szunnita &aacute;ghoz tartozik a hanaf&iacute;, s&aacute;fi&iacute;, m&aacute;lik&iacute;, hanbal&iacute;&hellip;\" class=\"encyclopedia\">madzhab<\/a><\/em>] f&uuml;gg&#337;en elfogadott. <a href=\"https:\/\/apologia.hu\/tudastar\/lexikon\/mohamed\/\" target=\"_self\" title=\"Muhammad ibn Abdullah (kb. 570-632). Arab keresked&#337;, majd vall&aacute;si, politikai, katonai vezet&#337;, az iszl&aacute;m pr&oacute;f&eacute;t&aacute;ja. Nev&eacute;nek jelent&eacute;se &bdquo;dics&eacute;retre m&eacute;lt&oacute;&rdquo;. A mai Sza&uacute;d-Ar&aacute;bia ter&uuml;let&eacute;n, Mekk&aacute;ban sz&uuml;letett, egy anyagi szempontb&oacute;l jelent&eacute;ktelen kl&aacute;n tagjak&eacute;nt. &Eacute;desapj&aacute;t (Abdullah, azaz &bdquo;Allah szolg&aacute;ja&rdquo;) m&eacute;g sz&uuml;let&eacute;se el&#337;tt vesztette el, &eacute;desanyj&aacute;t (Amina) hat&eacute;vesen, &iacute;gy anyai nagyb&aacute;tyja, Ab&uacute; T&aacute;lib nevelte. Az iszl&aacute;m pr&oacute;f&eacute;t&aacute;ja kb. 40&hellip;\" class=\"encyclopedia\">Mohamed<\/a> <a href=\"https:\/\/apologia.hu\/tudastar\/lexikon\/iszlam\/\" target=\"_self\" title=\"Arabul &bdquo;megb&eacute;k&eacute;l&eacute;s&rdquo; Allah akarat&aacute;val vagy &bdquo;&ouml;nal&aacute;vet&eacute;s&rdquo; Allah akarat&aacute;nak &ndash;&nbsp;Az iszl&aacute;m vall&aacute;s &ouml;nmegnevez&eacute;se az aszlama = megb&eacute;k&eacute;lni, beh&oacute;dolni, &ouml;nmag&aacute;t al&aacute;vetni jelent&eacute;s&#369; ig&eacute;b&#337;l. Az iszl&aacute;m az i.sz. 7. sz. j&ouml;tt l&eacute;tre, alap&iacute;t&oacute;ja Mohamed (570-623), az iszl&aacute;m pr&oacute;f&eacute;t&aacute;ja, Allah k&uuml;ld&ouml;tte. Allah az &uuml;zeneteit a hetedik &eacute;gb&#337;l lek&uuml;ldte [nuzul] Dzsibr&iacute;l arkangyallal, hogy ledikt&aacute;lja Mohamednek, aki recit&aacute;lta &eacute;s h&iacute;veivel memoriz&aacute;lta&hellip;\" class=\"encyclopedia\">iszl&aacute;m<\/a> pr&oacute;f&eacute;ta t&ouml;bb <a href=\"https:\/\/apologia.hu\/tudastar\/lexikon\/hadisz\/\" target=\"_self\" title=\"Arabul &bdquo;k&ouml;zl&eacute;s, besz&aacute;mol&oacute;, h&iacute;r&rdquo; &ndash; Mohamed idej&eacute;re visszavezethet&#337; kort&aacute;rs besz&aacute;mol&oacute;k, k&ouml;zl&eacute;sek, amelyeket Mohamed rokonai &eacute;s k&ouml;zvetlen munkat&aacute;rsai &eacute;ltek &aacute;t, &eacute;s adtak tov&aacute;bb. A Kor&aacute;n sz&ouml;vegk&ouml;rnyezet n&eacute;lk&uuml;li szakaszainak &eacute;rtelmez&eacute;s&eacute;t vannak hivatva seg&iacute;teni az&aacute;ltal, hogy k&ouml;vetkeztetni engednek egy-egy szakasz &bdquo;lek&uuml;ld&eacute;s&eacute;nek&rdquo; okaira (helyzet, jelenl&eacute;v&#337;k, besz&eacute;lget&eacute;s t&aacute;rgya stb.). A 8-10. sz-ban erre szakosodott hittud&oacute;sok &uacute;n. had&iacute;sz-gy&#369;jtem&eacute;nyeket alkottak. Kidolgozt&aacute;k a&hellip;\" class=\"encyclopedia\">had&iacute;sz<\/a> szerint is kijelentette: &bdquo;Az &eacute;n umm&aacute;m sosem fog egyet&eacute;rteni t&eacute;ved&eacute;sben&rdquo;.<\/p>\n","protected":false},"excerpt":{"rendered":"<p>Arabul \u201emegegyez\u00e9s\u201d \u2013 Az iszl\u00e1m vall\u00e1sjogban [fiqh] a konszenzus mint sz\u00e1mos \u00e9s neves jogtud\u00f3s k\u00f6zmegegyez\u00e9se iskol\u00e1t\u00f3l [madzhab] f\u00fcgg\u0151en elfogadott. Mohamed iszl\u00e1m pr\u00f3f\u00e9ta t\u00f6bb had\u00edsz szerint is kijelentette: \u201eAz \u00e9n umm\u00e1m sosem fog egyet\u00e9rteni t\u00e9ved\u00e9sben\u201d.<\/p>\n","protected":false},"author":2,"featured_media":0,"template":"","encyclopedia-tag":[],"class_list":["post-10781","encyclopedia","type-encyclopedia","status-publish","hentry"],"_links":{"self":[{"href":"https:\/\/apologia.hu\/tudastar\/wp-json\/wp\/v2\/encyclopedia\/10781","targetHints":{"allow":["GET"]}}],"collection":[{"href":"https:\/\/apologia.hu\/tudastar\/wp-json\/wp\/v2\/encyclopedia"}],"about":[{"href":"https:\/\/apologia.hu\/tudastar\/wp-json\/wp\/v2\/types\/encyclopedia"}],"author":[{"embeddable":true,"href":"https:\/\/apologia.hu\/tudastar\/wp-json\/wp\/v2\/users\/2"}],"version-history":[{"count":2,"href":"https:\/\/apologia.hu\/tudastar\/wp-json\/wp\/v2\/encyclopedia\/10781\/revisions"}],"predecessor-version":[{"id":10934,"href":"https:\/\/apologia.hu\/tudastar\/wp-json\/wp\/v2\/encyclopedia\/10781\/revisions\/10934"}],"wp:attachment":[{"href":"https:\/\/apologia.hu\/tudastar\/wp-json\/wp\/v2\/media?parent=10781"}],"wp:term":[{"taxonomy":"encyclopedia-tag","embeddable":true,"href":"https:\/\/apologia.hu\/tudastar\/wp-json\/wp\/v2\/encyclopedia-tag?post=10781"}],"curies":[{"name":"wp","href":"https:\/\/api.w.org\/{rel}","templated":true}]}}

idzsmá

<p>Arabul „megegyezés” – Az iszlám vallásjogban [fiqh] a konszenzus mint számos és neves jogtudós közmegegyezése iskolától [madzhab] függően elfogadott. Mohamed iszlám próféta több hadísz szerint is kijelentette: „Az én ummám sosem fog egyetérteni tévedésben”.</p>
