{"id":13582,"date":"2022-09-08T09:36:23","date_gmt":"2022-09-08T07:36:23","guid":{"rendered":"https:\/\/apologia.hu\/tudastar\/?post_type=encyclopedia&#038;p=13582"},"modified":"2022-10-02T18:19:52","modified_gmt":"2022-10-02T16:19:52","slug":"kalam","status":"publish","type":"encyclopedia","link":"https:\/\/apologia.hu\/tudastar\/lexikon\/kalam\/","title":{"rendered":"kal\u00e1m"},"content":{"rendered":"<p>Arabul &bdquo;sz&oacute;&rdquo; vagy &bdquo;besz&eacute;lget&eacute;s&rdquo;, &aacute;tvitt &eacute;rtelemben az <a href=\"https:\/\/apologia.hu\/tudastar\/lexikon\/iszlam\/\" target=\"_self\" title=\"Arabul &bdquo;megb&eacute;k&eacute;l&eacute;s&rdquo; Allah akarat&aacute;val vagy &bdquo;&ouml;nal&aacute;vet&eacute;s&rdquo; Allah akarat&aacute;nak &ndash;&nbsp;Az iszl&aacute;m vall&aacute;s &ouml;nmegnevez&eacute;se az aszlama = megb&eacute;k&eacute;lni, beh&oacute;dolni, &ouml;nmag&aacute;t al&aacute;vetni jelent&eacute;s&#369; ig&eacute;b&#337;l. Az iszl&aacute;m az i.sz. 7. sz. j&ouml;tt l&eacute;tre, alap&iacute;t&oacute;ja Mohamed (570-623), az iszl&aacute;m pr&oacute;f&eacute;t&aacute;ja, Allah k&uuml;ld&ouml;tte. Allah az &uuml;zeneteit a hetedik &eacute;gb&#337;l lek&uuml;ldte [nuzul] Dzsibr&iacute;l arkangyallal, hogy ledikt&aacute;lja Mohamednek, aki recit&aacute;lta &eacute;s h&iacute;veivel memoriz&aacute;lta&hellip;\" class=\"encyclopedia\">iszl&aacute;m<\/a> vall&aacute;sfiloz&oacute;fia [<em>ilm al-kal&aacute;m<\/em>] &ndash; Az <a href=\"https:\/\/apologia.hu\/tudastar\/lexikon\/iszlam\/\" target=\"_self\" title=\"Arabul &bdquo;megb&eacute;k&eacute;l&eacute;s&rdquo; Allah akarat&aacute;val vagy &bdquo;&ouml;nal&aacute;vet&eacute;s&rdquo; Allah akarat&aacute;nak &ndash;&nbsp;Az iszl&aacute;m vall&aacute;s &ouml;nmegnevez&eacute;se az aszlama = megb&eacute;k&eacute;lni, beh&oacute;dolni, &ouml;nmag&aacute;t al&aacute;vetni jelent&eacute;s&#369; ig&eacute;b&#337;l. Az iszl&aacute;m az i.sz. 7. sz. j&ouml;tt l&eacute;tre, alap&iacute;t&oacute;ja Mohamed (570-623), az iszl&aacute;m pr&oacute;f&eacute;t&aacute;ja, Allah k&uuml;ld&ouml;tte. Allah az &uuml;zeneteit a hetedik &eacute;gb&#337;l lek&uuml;ldte [nuzul] Dzsibr&iacute;l arkangyallal, hogy ledikt&aacute;lja Mohamednek, aki recit&aacute;lta &eacute;s h&iacute;veivel memoriz&aacute;lta&hellip;\" class=\"encyclopedia\">iszl&aacute;m<\/a> tan&iacute;t&aacute;st&oacute;l &ndash; annak viszonylagos egyszer&#369;s&eacute;ge miatt &ndash; tkp. idegen az a spekulat&iacute;v, skolasztikus jelleg&#369; dialektikus vall&aacute;sfiloz&oacute;fia, amely a 8-9. sz-ban a g&ouml;r&ouml;g filoz&oacute;fia [<em>falszafa<\/em>] hat&aacute;s&aacute;ra alakult ki az <a href=\"https:\/\/apologia.hu\/tudastar\/lexikon\/iszlam\/\" target=\"_self\" title=\"Arabul &bdquo;megb&eacute;k&eacute;l&eacute;s&rdquo; Allah akarat&aacute;val vagy &bdquo;&ouml;nal&aacute;vet&eacute;s&rdquo; Allah akarat&aacute;nak &ndash;&nbsp;Az iszl&aacute;m vall&aacute;s &ouml;nmegnevez&eacute;se az aszlama = megb&eacute;k&eacute;lni, beh&oacute;dolni, &ouml;nmag&aacute;t al&aacute;vetni jelent&eacute;s&#369; ig&eacute;b&#337;l. Az iszl&aacute;m az i.sz. 7. sz. j&ouml;tt l&eacute;tre, alap&iacute;t&oacute;ja Mohamed (570-623), az iszl&aacute;m pr&oacute;f&eacute;t&aacute;ja, Allah k&uuml;ld&ouml;tte. Allah az &uuml;zeneteit a hetedik &eacute;gb&#337;l lek&uuml;ldte [nuzul] Dzsibr&iacute;l arkangyallal, hogy ledikt&aacute;lja Mohamednek, aki recit&aacute;lta &eacute;s h&iacute;veivel memoriz&aacute;lta&hellip;\" class=\"encyclopedia\">iszl&aacute;m<\/a> hittudom&aacute;nyban. A &bdquo;besz&eacute;lget&#337;k&rdquo; vagy &bdquo;vitatkoz&oacute;k&rdquo; [<em>mutakallim&uacute;n<\/em>] olyan t&eacute;m&aacute;kkal foglalkoztak, mint Isten l&eacute;tez&eacute;snek bizony&iacute;t&eacute;kai, az emberi szabad akarat &eacute;s az isteni eleve elrendel&eacute;s k&eacute;rd&eacute;sei, a <a href=\"https:\/\/apologia.hu\/tudastar\/lexikon\/koran\/\" target=\"_self\" title=\"Arabul &bdquo;recit&aacute;lni, felolvasni, szavalni val&oacute;&rdquo; sz&ouml;veg [al-Qur'&aacute;n] &ndash; Az iszl&aacute;m szent&iacute;r&aacute;s&aacute;nak neve, c&iacute;me (Q 43:3 56:77 85:21 stb.), amit gyakran a &bdquo;nemes&rdquo; vagy &bdquo;kegyes&rdquo; jelz&#337;vel eg&eacute;sz&iacute;tenek ki [pl. al-Qur'&aacute;n al-Kar&iacute;m = a Kegyes Kor&aacute;n]. A Kor&aacute;n mint szent&iacute;r&aacute;s Allah &uuml;zenete, kinyilv&aacute;n&iacute;tott akarata. Mivel Allah &ouml;r&ouml;k, a szava is &ouml;r&ouml;k, &iacute;gy maga a Kor&aacute;n is &bdquo;teremtetlen&rdquo;&hellip;\" class=\"encyclopedia\">Kor&aacute;n<\/a> teremtett vagy teremtetlen volta stb. A vit&aacute;k alapja a <a href=\"https:\/\/apologia.hu\/tudastar\/lexikon\/koran\/\" target=\"_self\" title=\"Arabul &bdquo;recit&aacute;lni, felolvasni, szavalni val&oacute;&rdquo; sz&ouml;veg [al-Qur'&aacute;n] &ndash; Az iszl&aacute;m szent&iacute;r&aacute;s&aacute;nak neve, c&iacute;me (Q 43:3 56:77 85:21 stb.), amit gyakran a &bdquo;nemes&rdquo; vagy &bdquo;kegyes&rdquo; jelz&#337;vel eg&eacute;sz&iacute;tenek ki [pl. al-Qur'&aacute;n al-Kar&iacute;m = a Kegyes Kor&aacute;n]. A Kor&aacute;n mint szent&iacute;r&aacute;s Allah &uuml;zenete, kinyilv&aacute;n&iacute;tott akarata. Mivel Allah &ouml;r&ouml;k, a szava is &ouml;r&ouml;k, &iacute;gy maga a Kor&aacute;n is &bdquo;teremtetlen&rdquo;&hellip;\" class=\"encyclopedia\">Kor&aacute;n<\/a> kijelent&eacute;seinek racionalista &eacute;s tradicion&aacute;lis megk&ouml;zel&iacute;t&eacute;se, illetve &eacute;rtelmez&eacute;se k&ouml;z&ouml;tti k&uuml;l&ouml;nbs&eacute;g volt.<\/p>\n","protected":false},"excerpt":{"rendered":"<p>Arabul \u201esz\u00f3\u201d vagy \u201ebesz\u00e9lget\u00e9s\u201d, \u00e1tvitt \u00e9rtelemben az iszl\u00e1m vall\u00e1sfiloz\u00f3fia [ilm al-kal\u00e1m] \u2013 Az iszl\u00e1m tan\u00edt\u00e1st\u00f3l \u2013 annak viszonylagos egyszer\u0171s\u00e9ge miatt \u2013 tkp. idegen az a spekulat\u00edv, skolasztikus jelleg\u0171 dialektikus vall\u00e1sfiloz\u00f3fia, amely a 8-9. sz-ban a g\u00f6r\u00f6g filoz\u00f3fia [falszafa] hat\u00e1s\u00e1ra alakult ki az iszl\u00e1m hittudom\u00e1nyban. A \u201ebesz\u00e9lget\u0151k\u201d vagy \u201evitatkoz\u00f3k\u201d [mutakallim\u00fan] olyan t\u00e9m\u00e1kkal foglalkoztak, mint Isten l\u00e9tez\u00e9snek &#8230;<\/p>\n","protected":false},"author":2,"featured_media":0,"template":"","encyclopedia-tag":[],"class_list":["post-13582","encyclopedia","type-encyclopedia","status-publish","hentry"],"_links":{"self":[{"href":"https:\/\/apologia.hu\/tudastar\/wp-json\/wp\/v2\/encyclopedia\/13582","targetHints":{"allow":["GET"]}}],"collection":[{"href":"https:\/\/apologia.hu\/tudastar\/wp-json\/wp\/v2\/encyclopedia"}],"about":[{"href":"https:\/\/apologia.hu\/tudastar\/wp-json\/wp\/v2\/types\/encyclopedia"}],"author":[{"embeddable":true,"href":"https:\/\/apologia.hu\/tudastar\/wp-json\/wp\/v2\/users\/2"}],"version-history":[{"count":3,"href":"https:\/\/apologia.hu\/tudastar\/wp-json\/wp\/v2\/encyclopedia\/13582\/revisions"}],"predecessor-version":[{"id":14468,"href":"https:\/\/apologia.hu\/tudastar\/wp-json\/wp\/v2\/encyclopedia\/13582\/revisions\/14468"}],"wp:attachment":[{"href":"https:\/\/apologia.hu\/tudastar\/wp-json\/wp\/v2\/media?parent=13582"}],"wp:term":[{"taxonomy":"encyclopedia-tag","embeddable":true,"href":"https:\/\/apologia.hu\/tudastar\/wp-json\/wp\/v2\/encyclopedia-tag?post=13582"}],"curies":[{"name":"wp","href":"https:\/\/api.w.org\/{rel}","templated":true}]}}

kalám

<p>Arabul „szó” vagy „beszélgetés”, átvitt értelemben az iszlám vallásfilozófia [ilm al-kalám] – Az iszlám tanítástól – annak viszonylagos egyszerűsége miatt – tkp. idegen az a spekulatív, skolasztikus jellegű dialektikus vallásfilozófia, amely a 8-9. sz-ban a görög filozófia [falszafa] hatására alakult ki az iszlám hittudományban. A „beszélgetők” vagy „vitatkozók” [mutakallimún] olyan témákkal foglalkoztak, mint Isten létezésnek &#8230;</p>
