{"id":15479,"date":"2024-03-06T15:57:11","date_gmt":"2024-03-06T14:57:11","guid":{"rendered":"https:\/\/apologia.hu\/tudastar\/?post_type=encyclopedia&#038;p=15479"},"modified":"2024-03-06T15:57:11","modified_gmt":"2024-03-06T14:57:11","slug":"montanizmus","status":"publish","type":"encyclopedia","link":"https:\/\/apologia.hu\/tudastar\/lexikon\/montanizmus\/","title":{"rendered":"montanizmus"},"content":{"rendered":"<p>Montanus 2. sz. v&eacute;gi fr&iacute;g pr&oacute;f&eacute;ta nev&eacute;b&#337;l. Skizmatikus eretnek&shy;mozgalom. Montanus n&#337;i t&aacute;rsaival (Maximilla, Priscilla) m&eacute;diumszer&#369;, eksztati&shy;kus &aacute;llapotban, egyes sz&aacute;m els&#337; szem&eacute;lyben sz&oacute;laltak meg mint &bdquo;Ige&rdquo; vagy mint &bdquo;Szent&shy;l&eacute;lek&rdquo;. Aszketizmust &eacute;s k&ouml;zeli vil&aacute;gv&eacute;g&eacute;t hirdettek. A mozgalom n&eacute;h&aacute;ny &eacute;vsz&aacute;zadon bel&uuml;l elt&#369;nt.<\/p>\n","protected":false},"excerpt":{"rendered":"<p>Montanus 2. sz. v\u00e9gi fr\u00edg pr\u00f3f\u00e9ta nev\u00e9b\u0151l. Skizmatikus eretnek\u00admozgalom. Montanus n\u0151i t\u00e1rsaival (Maximilla, Priscilla) m\u00e9diumszer\u0171, eksztati\u00adkus \u00e1llapotban, egyes sz\u00e1m els\u0151 szem\u00e9lyben sz\u00f3laltak meg mint \u201eIge\u201d vagy mint \u201eSzent\u00adl\u00e9lek\u201d. Aszketizmust \u00e9s k\u00f6zeli vil\u00e1gv\u00e9g\u00e9t hirdettek. A mozgalom n\u00e9h\u00e1ny \u00e9vsz\u00e1zadon bel\u00fcl elt\u0171nt.<\/p>\n","protected":false},"author":2,"featured_media":0,"template":"","encyclopedia-tag":[],"class_list":["post-15479","encyclopedia","type-encyclopedia","status-publish","hentry"],"_links":{"self":[{"href":"https:\/\/apologia.hu\/tudastar\/wp-json\/wp\/v2\/encyclopedia\/15479","targetHints":{"allow":["GET"]}}],"collection":[{"href":"https:\/\/apologia.hu\/tudastar\/wp-json\/wp\/v2\/encyclopedia"}],"about":[{"href":"https:\/\/apologia.hu\/tudastar\/wp-json\/wp\/v2\/types\/encyclopedia"}],"author":[{"embeddable":true,"href":"https:\/\/apologia.hu\/tudastar\/wp-json\/wp\/v2\/users\/2"}],"version-history":[{"count":1,"href":"https:\/\/apologia.hu\/tudastar\/wp-json\/wp\/v2\/encyclopedia\/15479\/revisions"}],"predecessor-version":[{"id":15480,"href":"https:\/\/apologia.hu\/tudastar\/wp-json\/wp\/v2\/encyclopedia\/15479\/revisions\/15480"}],"wp:attachment":[{"href":"https:\/\/apologia.hu\/tudastar\/wp-json\/wp\/v2\/media?parent=15479"}],"wp:term":[{"taxonomy":"encyclopedia-tag","embeddable":true,"href":"https:\/\/apologia.hu\/tudastar\/wp-json\/wp\/v2\/encyclopedia-tag?post=15479"}],"curies":[{"name":"wp","href":"https:\/\/api.w.org\/{rel}","templated":true}]}}

<p>Montanus 2. sz. végi fríg próféta nevéből. Skizmatikus eretnek­mozgalom. Montanus női társaival (Maximilla, Priscilla) médiumszerű, eksztati­kus állapotban, egyes szám első személyben szólaltak meg mint „Ige” vagy mint „Szent­lélek”. Aszketizmust és közeli világvégét hirdettek. A mozgalom néhány évszázadon belül eltűnt.</p>
