{"id":15485,"date":"2024-03-06T15:58:43","date_gmt":"2024-03-06T14:58:43","guid":{"rendered":"https:\/\/apologia.hu\/tudastar\/?post_type=encyclopedia&#038;p=15485"},"modified":"2024-03-06T15:58:43","modified_gmt":"2024-03-06T14:58:43","slug":"patripasszionizmus","status":"publish","type":"encyclopedia","link":"https:\/\/apologia.hu\/tudastar\/lexikon\/patripasszionizmus\/","title":{"rendered":"patripasszionizmus"},"content":{"rendered":"<p>A lat.&nbsp;<i>pater<\/i>&nbsp;= &bdquo;apa, atya&rdquo;, &eacute;s&nbsp;<i>passio<\/i> = &bdquo;szenved&eacute;s&rdquo; sz&oacute;b&oacute;l. A modalista teol&oacute;gi&aacute;b&oacute;l fakad&oacute; krisztol&oacute;giai <a href=\"https:\/\/apologia.hu\/tudastar\/lexikon\/eretnekseg\/\" target=\"_self\" title=\"A g&ouml;r&ouml;g haireszisz = &bdquo;v&aacute;laszt&aacute;s&rdquo;, &aacute;tvitt &eacute;rtelemben &bdquo;ir&aacute;nyzat&rdquo; kifejez&eacute;sb&#337;l. A g&ouml;r&ouml;g sz&oacute; r&eacute;gies, magyaros v&aacute;ltozata a &bdquo;herezis&rdquo;, az olasz eretico vagy a francia h&eacute;r&eacute;tique magyarosan torz&iacute;tott &aacute;tv&eacute;tele pedig az &bdquo;eretnek&rdquo;. &ndash; Bibliai &eacute;s teol&oacute;giai fogalom, amelynek l&eacute;nyege, hogy az eredeti apostoli tan&iacute;t&aacute;shoz k&eacute;pest valaki &bdquo;m&aacute;st tan&iacute;t&rdquo; [heterodidaszkale&oacute;], ld. 1Tim 1:3 6:3 (nem &bdquo;t&eacute;vtan&rdquo;]. A g&ouml;r&ouml;g&hellip;\" class=\"encyclopedia\">eretneks&eacute;g<\/a>, amely az Atya &eacute;s a Fi&uacute; szem&eacute;ly&eacute;t azonos&iacute;tja (<i>h&uuml;iopatria<\/i>), ez&eacute;rt azt &aacute;ll&iacute;tja: Krisztusban maga az Atya szen&shy;ve&shy;dett a kereszten. K&eacute;pvisel&#337;i az &oacute;korban egyes modalist&aacute;k.<\/p>\n","protected":false},"excerpt":{"rendered":"<p>A lat.\u00a0pater\u00a0= \u201eapa, atya\u201d, \u00e9s\u00a0passio = \u201eszenved\u00e9s\u201d sz\u00f3b\u00f3l. A modalista teol\u00f3gi\u00e1b\u00f3l fakad\u00f3 krisztol\u00f3giai eretneks\u00e9g, amely az Atya \u00e9s a Fi\u00fa szem\u00e9ly\u00e9t azonos\u00edtja (h\u00fciopatria), ez\u00e9rt azt \u00e1ll\u00edtja: Krisztusban maga az Atya szen\u00adve\u00addett a kereszten. K\u00e9pvisel\u0151i az \u00f3korban egyes modalist\u00e1k.<\/p>\n","protected":false},"author":2,"featured_media":0,"template":"","encyclopedia-tag":[],"class_list":["post-15485","encyclopedia","type-encyclopedia","status-publish","hentry"],"_links":{"self":[{"href":"https:\/\/apologia.hu\/tudastar\/wp-json\/wp\/v2\/encyclopedia\/15485","targetHints":{"allow":["GET"]}}],"collection":[{"href":"https:\/\/apologia.hu\/tudastar\/wp-json\/wp\/v2\/encyclopedia"}],"about":[{"href":"https:\/\/apologia.hu\/tudastar\/wp-json\/wp\/v2\/types\/encyclopedia"}],"author":[{"embeddable":true,"href":"https:\/\/apologia.hu\/tudastar\/wp-json\/wp\/v2\/users\/2"}],"version-history":[{"count":1,"href":"https:\/\/apologia.hu\/tudastar\/wp-json\/wp\/v2\/encyclopedia\/15485\/revisions"}],"predecessor-version":[{"id":15486,"href":"https:\/\/apologia.hu\/tudastar\/wp-json\/wp\/v2\/encyclopedia\/15485\/revisions\/15486"}],"wp:attachment":[{"href":"https:\/\/apologia.hu\/tudastar\/wp-json\/wp\/v2\/media?parent=15485"}],"wp:term":[{"taxonomy":"encyclopedia-tag","embeddable":true,"href":"https:\/\/apologia.hu\/tudastar\/wp-json\/wp\/v2\/encyclopedia-tag?post=15485"}],"curies":[{"name":"wp","href":"https:\/\/api.w.org\/{rel}","templated":true}]}}

<p>A lat. pater = „apa, atya”, és passio = „szenvedés” szóból. A modalista teológiából fakadó krisztológiai eretnekség, amely az Atya és a Fiú személyét azonosítja (hüiopatria), ezért azt állítja: Krisztusban maga az Atya szen­ve­dett a kereszten. Képviselői az ókorban egyes modalisták.</p>
