{"id":3727,"date":"2022-07-06T21:43:08","date_gmt":"2022-07-06T19:43:08","guid":{"rendered":"https:\/\/apologia.hu\/tudastar\/lexikon\/ujraszuletes\/"},"modified":"2022-08-16T21:56:37","modified_gmt":"2022-08-16T19:56:37","slug":"ujraszuletes","status":"publish","type":"encyclopedia","link":"https:\/\/apologia.hu\/tudastar\/lexikon\/ujraszuletes\/","title":{"rendered":"\u00fajrasz\u00fclet\u00e9s"},"content":{"rendered":"<p>Elt&eacute;r&#337; vall&aacute;sok saj&aacute;tos antropol&oacute;giai kifejez&eacute;seinek f&eacute;lre&eacute;rthet&#337; magyar ford&iacute;t&aacute;sa. &ndash; A hindu, buddhista &eacute;s m&aacute;s, ezekre &eacute;p&uuml;l&#337; vall&aacute;sok tan&iacute;t&aacute;s&aacute;nak fontos eleme a l&eacute;lekv&aacute;ndorl&aacute;s (reinkarn&aacute;ci&oacute;), amib&#337;l mindezek a vall&aacute;sok a kiutat, a szabadul&aacute;st keresik. &ndash; Ezzel szemben a kereszt&eacute;ny tan&iacute;t&aacute;s az eg&eacute;szen m&aacute;s bibliai embertan &eacute;s <a href=\"https:\/\/apologia.hu\/tudastar\/lexikon\/jezus-krisztus\/\" target=\"_self\" title=\"J&eacute;zus Krisztus a kereszt&eacute;ny vall&aacute;s alap&iacute;t&oacute;ja. Az i.sz. 1. sz&aacute;zadban &eacute;lt zsid&oacute; f&eacute;rfi, h&iacute;vei sz&aacute;m&aacute;ra a megj&ouml;vend&ouml;lt, sz&aacute;zadokon &aacute;t v&aacute;rt, &eacute;s elj&ouml;tt &bdquo;messi&aacute;s&rdquo; [h&eacute;ber mas&iacute;ach, g&ouml;r&ouml;g khrisztosz = &bdquo;(olajjal) felkent&rdquo;, azaz felhatalmazott), illetve &bdquo;Isten Fia&rdquo; &eacute;s az &bdquo;Ember Fia&rdquo;, az emberr&eacute; lett Isten. A J&eacute;s&uacute;a az &oacute;kori zsid&oacute;s&aacute;gban elterjedt szem&eacute;lyn&eacute;v volt, jelent&eacute;se kb. &bdquo;JHVH a&hellip;\" class=\"encyclopedia\">J&eacute;zus<\/a> saj&aacute;t szavai alapj&aacute;n a &bdquo;fentr&#337;l \/ &uacute;jj&aacute;&rdquo; [<em>an&oacute;then<\/em>] \/ &bdquo;a L&eacute;lekt&#337;l&rdquo; [<em>ek pneumati<\/em>], &bdquo;az Istent&#337;l&rdquo; [<em>ek tu theu<\/em>] sz&uuml;let&eacute;s sz&uuml;ks&eacute;gess&eacute;g&eacute;t &aacute;ll&iacute;tja (Jn 3:3-5), teh&aacute;t min&#337;s&eacute;gi v&aacute;ltoz&aacute;st, nem v&eacute;gtelen &uacute;jrakezd&eacute;st.<\/p>\n<p>&nbsp;<\/p>\n<div id=\"mouseposition-extension-element-full-container\" style=\"position: fixed; inset: 0px; pointer-events: none; z-index: 2147483647; font-weight: 400;\">\n<div id=\"mouseposition-extension-element-rect-display\" style=\"display: none; position: absolute; background: rgba(255, 255, 255, 0.7); outline: black solid 1px; font-size: 12px; z-index: 2147483647; justify-content: center; align-items: center; user-select: none; cursor: default; color: #000000; font-family: 'Helvetica Neue', Helvetica, Arial, sans-serif; width: 0px; height: 0px;\">\n<pre style=\"flex: 1 1 0%; text-align: center; background-color: rgba(255, 255, 255, 0.7); color: #000000; min-width: 42px; min-height: 12px; transition: all 1s ease 0s;\"><\/pre>\n<\/div>\n<pre id=\"mouseposition-extension-element-coordinate-display\" style=\"position: absolute; display: none; background: #ffffff; font-size: 12px; line-height: 14px; border-radius: 3px; border-width: 1px; border-color: #222222 black #333333; border-style: solid; padding: 3px; z-index: 2147483647; color: #222222; user-select: none; cursor: default; font-family: 'Helvetica Neue', Helvetica, Arial, sans-serif;\"><\/pre>\n<\/div>\n","protected":false},"excerpt":{"rendered":"<p>Elt\u00e9r\u0151 vall\u00e1sok saj\u00e1tos antropol\u00f3giai kifejez\u00e9seinek f\u00e9lre\u00e9rthet\u0151 magyar ford\u00edt\u00e1sa. \u2013 A hindu, buddhista \u00e9s m\u00e1s, ezekre \u00e9p\u00fcl\u0151 vall\u00e1sok tan\u00edt\u00e1s\u00e1nak fontos eleme a l\u00e9lekv\u00e1ndorl\u00e1s (reinkarn\u00e1ci\u00f3), amib\u0151l mindezek a vall\u00e1sok a kiutat, a szabadul\u00e1st keresik. \u2013 Ezzel szemben a kereszt\u00e9ny tan\u00edt\u00e1s az eg\u00e9szen m\u00e1s bibliai embertan \u00e9s J\u00e9zus saj\u00e1t szavai alapj\u00e1n a \u201efentr\u0151l \/ \u00fajj\u00e1\u201d [an\u00f3then] \/ \u201ea &#8230;<\/p>\n","protected":false},"author":2,"featured_media":0,"template":"","encyclopedia-tag":[],"class_list":["post-3727","encyclopedia","type-encyclopedia","status-publish","hentry"],"_links":{"self":[{"href":"https:\/\/apologia.hu\/tudastar\/wp-json\/wp\/v2\/encyclopedia\/3727","targetHints":{"allow":["GET"]}}],"collection":[{"href":"https:\/\/apologia.hu\/tudastar\/wp-json\/wp\/v2\/encyclopedia"}],"about":[{"href":"https:\/\/apologia.hu\/tudastar\/wp-json\/wp\/v2\/types\/encyclopedia"}],"author":[{"embeddable":true,"href":"https:\/\/apologia.hu\/tudastar\/wp-json\/wp\/v2\/users\/2"}],"version-history":[{"count":4,"href":"https:\/\/apologia.hu\/tudastar\/wp-json\/wp\/v2\/encyclopedia\/3727\/revisions"}],"predecessor-version":[{"id":12430,"href":"https:\/\/apologia.hu\/tudastar\/wp-json\/wp\/v2\/encyclopedia\/3727\/revisions\/12430"}],"wp:attachment":[{"href":"https:\/\/apologia.hu\/tudastar\/wp-json\/wp\/v2\/media?parent=3727"}],"wp:term":[{"taxonomy":"encyclopedia-tag","embeddable":true,"href":"https:\/\/apologia.hu\/tudastar\/wp-json\/wp\/v2\/encyclopedia-tag?post=3727"}],"curies":[{"name":"wp","href":"https:\/\/api.w.org\/{rel}","templated":true}]}}

újraszületés

<p>Eltérő vallások sajátos antropológiai kifejezéseinek félreérthető magyar fordítása. – A hindu, buddhista és más, ezekre épülő vallások tanításának fontos eleme a lélekvándorlás (reinkarnáció), amiből mindezek a vallások a kiutat, a szabadulást keresik. – Ezzel szemben a keresztény tanítás az egészen más bibliai embertan és Jézus saját szavai alapján a „fentről / újjá” [anóthen] / „a &#8230;</p>
