{"id":3838,"date":"2022-07-06T21:43:13","date_gmt":"2022-07-06T19:43:13","guid":{"rendered":"https:\/\/apologia.hu\/tudastar\/lexikon\/imam\/"},"modified":"2022-07-22T15:44:35","modified_gmt":"2022-07-22T13:44:35","slug":"imam","status":"publish","type":"encyclopedia","link":"https:\/\/apologia.hu\/tudastar\/lexikon\/imam\/","title":{"rendered":"im\u00e1m"},"content":{"rendered":"<p>Arabul &bdquo;el&ouml;l &aacute;ll&oacute;&rdquo; &ndash; <a href=\"https:\/\/apologia.hu\/tudastar\/lexikon\/szunnita\/\" target=\"_self\" title=\"Arabul szunn&iacute; &ndash; Az iszl&aacute;m legnagyobb &aacute;ga, amelybe a muszlimok kb. 85%-a tartozik (a m&aacute;sik k&eacute;t &aacute;g a s&iacute;ita &eacute;s az ib&aacute;d&iacute;). A n&eacute;v vsz. &bdquo;a pr&oacute;f&eacute;ta hagyom&aacute;nya&rdquo; [szunnat an-nab&iacute;], illetve &bdquo;a hagyom&aacute;ny n&eacute;pe&rdquo; [ahl asz-szunna] kifejez&eacute;sb&#337;l ered, amely a 7-8. muszlim polg&aacute;rh&aacute;bor&uacute;kt&oacute;l kezdve a s&iacute;it&aacute;kkal, kh&aacute;ridzsit&aacute;kkal &eacute;s m&aacute;sokkal szembeni t&ouml;bbs&eacute;gi identit&aacute;st jel&ouml;lte. Mohamed fi&uacute;&hellip;\" class=\"encyclopedia\">Szunnita<\/a> istentiszteleten az el&#337;im&aacute;dkoz&oacute; neve (a magyar &bdquo;ima&rdquo; sz&oacute;hoz nincs k&ouml;ze). A <a href=\"https:\/\/apologia.hu\/tudastar\/lexikon\/szunnita\/\" target=\"_self\" title=\"Arabul szunn&iacute; &ndash; Az iszl&aacute;m legnagyobb &aacute;ga, amelybe a muszlimok kb. 85%-a tartozik (a m&aacute;sik k&eacute;t &aacute;g a s&iacute;ita &eacute;s az ib&aacute;d&iacute;). A n&eacute;v vsz. &bdquo;a pr&oacute;f&eacute;ta hagyom&aacute;nya&rdquo; [szunnat an-nab&iacute;], illetve &bdquo;a hagyom&aacute;ny n&eacute;pe&rdquo; [ahl asz-szunna] kifejez&eacute;sb&#337;l ered, amely a 7-8. muszlim polg&aacute;rh&aacute;bor&uacute;kt&oacute;l kezdve a s&iacute;it&aacute;kkal, kh&aacute;ridzsit&aacute;kkal &eacute;s m&aacute;sokkal szembeni t&ouml;bbs&eacute;gi identit&aacute;st jel&ouml;lte. Mohamed fi&uacute;&hellip;\" class=\"encyclopedia\">szunnita<\/a> iszl&aacute;mban az im&aacute;m nem csup&aacute;n vall&aacute;si tekint&eacute;ly, <a href=\"https:\/\/apologia.hu\/tudastar\/lexikon\/kalifa-2\/\" target=\"_self\" title=\"Arabul &bdquo;ut&oacute;d&rdquo; vagy &bdquo;helyettes&rdquo; [khal&iacute;fa, t.sz. khulaf&aacute;] &ndash; Mohamed, az iszl&aacute;m pr&oacute;f&eacute;t&aacute;ja fi&uacute; ut&oacute;d n&eacute;lk&uuml;l halt meg, ez volt a szunnita-s&iacute;ita szakad&aacute;s kiv&aacute;lt&oacute; oka, illetve a szunnita kalif&aacute;tus &eacute;s a s&iacute;ita imam&aacute;tus eszmei ellent&eacute;t&eacute;nek forr&aacute;sa. A muszlimok t&ouml;bbs&eacute;ge &uacute;gy l&aacute;tta, hogy az ut&oacute;dl&aacute;st [khil&aacute;fa] nem a h&aacute;zn&eacute;pen bel&uuml;li [ahl al-bajt] &ouml;r&ouml;kl&eacute;ssel kell megoldani, hanem alkalmas&hellip;\" class=\"encyclopedia\">kalifa<\/a> is csak az lehetett, aki im&aacute;m is volt. A <a href=\"https:\/\/apologia.hu\/tudastar\/lexikon\/siita\/\" target=\"_self\" title=\"Arabul s&iacute;'&iacute;, a s&iacute;at Al&iacute;, azaz &bdquo;Ali p&aacute;rtja&rdquo; kifejez&eacute;sb&#337;l &ndash; Az iszl&aacute;m kisebbs&eacute;gi ir&aacute;nyzata, amelybe a muszlimok kb. 10-15%-a tartozik (a t&ouml;bbs&eacute;g szunnita). Mohamed fi&uacute; ut&oacute;d n&eacute;lk&uuml;l halt meg, &iacute;gy hal&aacute;la ut&aacute;n a muszlim k&ouml;z&ouml;ss&eacute;g vezet&eacute;se k&ouml;r&uuml;li vita (v&aacute;laszt&aacute;s vagy &ouml;r&ouml;kl&eacute;s) szakad&aacute;st okozott. A szunnit&aacute;k szerint alkalmas &eacute;s v&aacute;lasztott f&eacute;rfinak kell vezetnie: a n&eacute;gy Helyesen&hellip;\" class=\"encyclopedia\">s&iacute;ita<\/a> iszl&aacute;mban Ali lesz&aacute;rmazottaik&eacute;nt az im&aacute;mok az <em><a href=\"https:\/\/apologia.hu\/tudastar\/lexikon\/umma\/\" target=\"_self\" title=\"Arabul &bdquo;nemzet&rdquo; vagy &bdquo;k&ouml;z&ouml;ss&eacute;g&rdquo; [t.sz. umam] &ndash; A nemzetk&ouml;zi &bdquo;iszl&aacute;m k&ouml;z&ouml;ss&eacute;gre&rdquo; [ummat al-iszl&aacute;m] vagy a &bdquo;h&iacute;v&#337;k k&ouml;z&ouml;ss&eacute;g&eacute;re&rdquo; [ummat al-mumin&iacute;n] utal&oacute; kifejez&eacute;s. A Kor&aacute;n szerint ui. a muszlimok a &bdquo;legjobb k&ouml;z&ouml;ss&eacute;g&rdquo; [khajra ummatin], amely l&eacute;trej&ouml;tt az emberis&eacute;gben, mert megparancsolja, ami helyes, &eacute;s tiltja, ami helytelen (Q 3:110), &eacute;s &bdquo;egyetlen&rdquo;, azaz egys&eacute;ges k&ouml;z&ouml;ss&eacute;g (Q 23:52). (A sz&oacute;&hellip;\" class=\"encyclopedia\">umma<\/a><\/em> igazi, hib&aacute;tlan vezet&#337;i.<\/p>\n<p>Ld. <a href=\"https:\/\/apologia.hu\/tudastar\/lexikon\/imamatus\/\" target=\"_self\" title=\"Az iszl&aacute;m s&iacute;ita &aacute;ga szerint a muszlim k&ouml;z&ouml;ss&eacute;g igaz vezet&#337;i csak Ali lesz&aacute;rmazottai, az im&aacute;m-ok (tkp. &bdquo;el&#337;im&aacute;dkoz&oacute;k&rdquo;) lehetnek, akiket a hib&aacute;kt&oacute;l val&oacute; &bdquo;mentess&eacute;g&rdquo; ['iszma] jellemez, &eacute;s a Kor&aacute;n ihletett &eacute;rtelmez&#337;i. L&eacute;tfontoss&aacute;g&uacute; szerep&uuml;k miatt az &uacute;n. &bdquo;tizenkettes&rdquo; s&iacute;ita ir&aacute;nyzat h&iacute;veinek egyik neve im&aacute;m&iacute;, az ir&aacute;nyzat&eacute; im&aacute;m&iacute;jja. A s&iacute;ita imam&aacute;tus eszmei ellent&eacute;te a szunnita kalif&aacute;tus.\" class=\"encyclopedia\">imam&aacute;tus<\/a><\/p>\n<div id=\"mouseposition-extension-element-full-container\" style=\"position: fixed; inset: 0px; pointer-events: none; z-index: 2147483647; font-weight: 400;\">\n<div id=\"mouseposition-extension-element-rect-display\" style=\"display: none; position: absolute; background: rgba(255, 255, 255, 0.7); outline: black solid 1px; font-size: 12px; z-index: 2147483647; justify-content: center; align-items: center; user-select: none; cursor: default; color: #000000; font-family: 'Helvetica Neue', Helvetica, Arial, sans-serif; width: 0px; height: 0px;\">\n<pre style=\"flex: 1 1 0%; text-align: center; background-color: rgba(255, 255, 255, 0.7); color: #000000; min-width: 42px; min-height: 12px; transition: all 1s ease 0s;\"><\/pre>\n<\/div>\n<pre id=\"mouseposition-extension-element-coordinate-display\" style=\"position: absolute; display: none; background: #ffffff; font-size: 12px; line-height: 14px; border-radius: 3px; border-width: 1px; border-color: #222222 black #333333; border-style: solid; padding: 3px; z-index: 2147483647; color: #222222; user-select: none; cursor: default; font-family: 'Helvetica Neue', Helvetica, Arial, sans-serif;\"><\/pre>\n<\/div>\n","protected":false},"excerpt":{"rendered":"<p>Arabul \u201eel\u00f6l \u00e1ll\u00f3\u201d \u2013 Szunnita istentiszteleten az el\u0151im\u00e1dkoz\u00f3 neve (a magyar \u201eima\u201d sz\u00f3hoz nincs k\u00f6ze). A szunnita iszl\u00e1mban az im\u00e1m nem csup\u00e1n vall\u00e1si tekint\u00e9ly, kalifa is csak az lehetett, aki im\u00e1m is volt. A s\u00edita iszl\u00e1mban Ali lesz\u00e1rmazottaik\u00e9nt az im\u00e1mok az umma igazi, hib\u00e1tlan vezet\u0151i. Ld. imam\u00e1tus<\/p>\n","protected":false},"author":2,"featured_media":0,"template":"","encyclopedia-tag":[],"class_list":["post-3838","encyclopedia","type-encyclopedia","status-publish","hentry"],"_links":{"self":[{"href":"https:\/\/apologia.hu\/tudastar\/wp-json\/wp\/v2\/encyclopedia\/3838","targetHints":{"allow":["GET"]}}],"collection":[{"href":"https:\/\/apologia.hu\/tudastar\/wp-json\/wp\/v2\/encyclopedia"}],"about":[{"href":"https:\/\/apologia.hu\/tudastar\/wp-json\/wp\/v2\/types\/encyclopedia"}],"author":[{"embeddable":true,"href":"https:\/\/apologia.hu\/tudastar\/wp-json\/wp\/v2\/users\/2"}],"version-history":[{"count":4,"href":"https:\/\/apologia.hu\/tudastar\/wp-json\/wp\/v2\/encyclopedia\/3838\/revisions"}],"predecessor-version":[{"id":10650,"href":"https:\/\/apologia.hu\/tudastar\/wp-json\/wp\/v2\/encyclopedia\/3838\/revisions\/10650"}],"wp:attachment":[{"href":"https:\/\/apologia.hu\/tudastar\/wp-json\/wp\/v2\/media?parent=3838"}],"wp:term":[{"taxonomy":"encyclopedia-tag","embeddable":true,"href":"https:\/\/apologia.hu\/tudastar\/wp-json\/wp\/v2\/encyclopedia-tag?post=3838"}],"curies":[{"name":"wp","href":"https:\/\/api.w.org\/{rel}","templated":true}]}}

imám

<p>Arabul „elöl álló” – Szunnita istentiszteleten az előimádkozó neve (a magyar „ima” szóhoz nincs köze). A szunnita iszlámban az imám nem csupán vallási tekintély, kalifa is csak az lehetett, aki imám is volt. A síita iszlámban Ali leszármazottaiként az imámok az umma igazi, hibátlan vezetői. Ld. imamátus</p>
