{"id":3844,"date":"2022-07-06T21:43:13","date_gmt":"2022-07-06T19:43:13","guid":{"rendered":"https:\/\/apologia.hu\/tudastar\/lexikon\/hanif\/"},"modified":"2022-07-25T15:43:28","modified_gmt":"2022-07-25T13:43:28","slug":"hanif","status":"publish","type":"encyclopedia","link":"https:\/\/apologia.hu\/tudastar\/lexikon\/hanif\/","title":{"rendered":"han\u00edf"},"content":{"rendered":"<p>Arabul &bdquo;(el)hajl&oacute;&rdquo; &ndash; Az <a href=\"https:\/\/apologia.hu\/tudastar\/lexikon\/iszlam\/\" target=\"_self\" title=\"Arabul &bdquo;megb&eacute;k&eacute;l&eacute;s&rdquo; Allah akarat&aacute;val vagy &bdquo;&ouml;nal&aacute;vet&eacute;s&rdquo; Allah akarat&aacute;nak &ndash;&nbsp;Az iszl&aacute;m vall&aacute;s &ouml;nmegnevez&eacute;se az aszlama = megb&eacute;k&eacute;lni, beh&oacute;dolni, &ouml;nmag&aacute;t al&aacute;vetni jelent&eacute;s&#369; ig&eacute;b&#337;l. Az iszl&aacute;m az i.sz. 7. sz. j&ouml;tt l&eacute;tre, alap&iacute;t&oacute;ja Mohamed (570-623), az iszl&aacute;m pr&oacute;f&eacute;t&aacute;ja, Allah k&uuml;ld&ouml;tte. Allah az &uuml;zeneteit a hetedik &eacute;gb&#337;l lek&uuml;ldte [nuzul] Dzsibr&iacute;l arkangyallal, hogy ledikt&aacute;lja Mohamednek, aki recit&aacute;lta &eacute;s h&iacute;veivel memoriz&aacute;lta&hellip;\" class=\"encyclopedia\">iszl&aacute;m<\/a> egyik &ouml;n&eacute;rtelmez&eacute;se. A kifejez&eacute;s a &bdquo;hajolni&rdquo; vagy &bdquo;elhajolni&rdquo; jelent&eacute;s&#369; ig&eacute;b&#337;l sz&aacute;rmazik, &eacute;s a Kor&aacute;nban olyasvalakit jelent, aki a <a href=\"https:\/\/apologia.hu\/tudastar\/lexikon\/pogany\/\" target=\"_self\" title=\"A latin paganus = &bdquo;falusi&rdquo; sz&oacute;b&oacute;l &ndash;&nbsp;A magyar bibliaford&iacute;t&aacute;sok egyik hagyom&aacute;nyos hib&aacute;ja, hogy a nem zsid&oacute;&nbsp;n&eacute;pekre ezzel sz&oacute;val utal. A h&eacute;ber gojim &eacute;s a g&ouml;r&ouml;g ethnoi jelent&eacute;se ui. egyszer&#369;en &bdquo;n&eacute;pek&rdquo; (ld. etnol&oacute;gia: n&eacute;prajz), ez&eacute;rt az &Uacute;jsz&ouml;vets&eacute;gben az ethnosz a &bdquo;n&eacute;pek k&ouml;z&uuml;l val&oacute;&rdquo;, azaz nem-zsid&oacute; sz&aacute;rmaz&aacute;s&uacute;akat jel&ouml;li, ak&aacute;r kereszt&eacute;nyek, ak&aacute;r nem. Izrael &eacute;s az Egyh&aacute;z mint&hellip;\" class=\"encyclopedia\">pog&aacute;ny<\/a>, zsid&oacute;, kereszt&eacute;ny stb. vall&aacute;si neveltet&eacute;s&eacute;t megtagadva arra &bdquo;hajlik&rdquo;, hogy az eredeti, bel&eacute; teremtett, term&eacute;szetes vall&aacute;si &eacute;rz&eacute;knek [<em><a href=\"https:\/\/apologia.hu\/tudastar\/lexikon\/fitra\/\" target=\"_self\" title=\"Arabul &bdquo;term&eacute;szetes (vall&aacute;si &eacute;rz&eacute;k)&rdquo; &ndash; Az iszl&aacute;m hittan szerint az ember term&eacute;szet&eacute;n&eacute;l fogva vall&aacute;sos (Q 30:30), az iszl&aacute;m a term&eacute;szetes vall&aacute;soss&aacute;g vall&aacute;sa [d&iacute;n al-fitra]. A fitra sz&oacute; a &bdquo;teremteni&rdquo; jelent&eacute;s&#369; fatara ig&eacute;b&#337;l sz&aacute;rmazik (Q 6:79), &eacute;s a teremtm&eacute;ny sz&aacute;m&aacute;ra term&eacute;szetes teol&oacute;giai &eacute;s mor&aacute;lis felismer&eacute;sre utal. A Kor&aacute;n szerint az &ouml;r&ouml;kk&eacute;val&oacute; &eacute;s mindenhat&oacute; Teremt&#337; l&eacute;t&eacute;re r&aacute;&eacute;bred&eacute;s&hellip;\" class=\"encyclopedia\">fitra<\/a><\/em>] engedelmeskedjen, amire a legjobb p&eacute;lda a politeista &ouml;r&ouml;ks&eacute;g&eacute;t megtagad&oacute; &Aacute;brah&aacute;m (Q 26:69-89 21:51-72 6:74 stb.). &Aacute;brah&aacute;m a &bdquo;lek&uuml;ld&ouml;tt&rdquo; k&ouml;nyv, azaz &iacute;rott kinyilatkoztat&aacute;s n&eacute;lk&uuml;l is teremt&#337; isten&eacute;re r&aacute;&eacute;bred&#337;, &bdquo;term&eacute;szetes monoteista&rdquo;, azaz han&iacute;f. Mivel&nbsp; &Aacute;brah&aacute;m hite egy a zsid&oacute;s&aacute;g &eacute;s a kereszt&eacute;nys&eacute;g (elt&eacute;velyed&eacute;sei) <em>el&#337;tti<\/em> &eacute;s <em>tiszta<\/em> egyistenhit (Q 2:140 3:65-68), az <a href=\"https:\/\/apologia.hu\/tudastar\/lexikon\/iszlam\/\" target=\"_self\" title=\"Arabul &bdquo;megb&eacute;k&eacute;l&eacute;s&rdquo; Allah akarat&aacute;val vagy &bdquo;&ouml;nal&aacute;vet&eacute;s&rdquo; Allah akarat&aacute;nak &ndash;&nbsp;Az iszl&aacute;m vall&aacute;s &ouml;nmegnevez&eacute;se az aszlama = megb&eacute;k&eacute;lni, beh&oacute;dolni, &ouml;nmag&aacute;t al&aacute;vetni jelent&eacute;s&#369; ig&eacute;b&#337;l. Az iszl&aacute;m az i.sz. 7. sz. j&ouml;tt l&eacute;tre, alap&iacute;t&oacute;ja Mohamed (570-623), az iszl&aacute;m pr&oacute;f&eacute;t&aacute;ja, Allah k&uuml;ld&ouml;tte. Allah az &uuml;zeneteit a hetedik &eacute;gb&#337;l lek&uuml;ldte [nuzul] Dzsibr&iacute;l arkangyallal, hogy ledikt&aacute;lja Mohamednek, aki recit&aacute;lta &eacute;s h&iacute;veivel memoriz&aacute;lta&hellip;\" class=\"encyclopedia\">iszl&aacute;m<\/a> is &bdquo;&Aacute;brah&aacute;m vall&aacute;sa&rdquo; [<em>millat Ibrah&iacute;m<\/em>] (Q 2:135 3:95 stb.).<\/p>\n<p>V&ouml;. <em><a href=\"https:\/\/apologia.hu\/tudastar\/lexikon\/fitra\/\" target=\"_self\" title=\"Arabul &bdquo;term&eacute;szetes (vall&aacute;si &eacute;rz&eacute;k)&rdquo; &ndash; Az iszl&aacute;m hittan szerint az ember term&eacute;szet&eacute;n&eacute;l fogva vall&aacute;sos (Q 30:30), az iszl&aacute;m a term&eacute;szetes vall&aacute;soss&aacute;g vall&aacute;sa [d&iacute;n al-fitra]. A fitra sz&oacute; a &bdquo;teremteni&rdquo; jelent&eacute;s&#369; fatara ig&eacute;b&#337;l sz&aacute;rmazik (Q 6:79), &eacute;s a teremtm&eacute;ny sz&aacute;m&aacute;ra term&eacute;szetes teol&oacute;giai &eacute;s mor&aacute;lis felismer&eacute;sre utal. A Kor&aacute;n szerint az &ouml;r&ouml;kk&eacute;val&oacute; &eacute;s mindenhat&oacute; Teremt&#337; l&eacute;t&eacute;re r&aacute;&eacute;bred&eacute;s&hellip;\" class=\"encyclopedia\">fitra<\/a><\/em>, <a href=\"https:\/\/apologia.hu\/tudastar\/lexikon\/abrahami-vallasok\/\" target=\"_self\" title=\"Olyan vall&aacute;sokat tekintenek &bdquo;&aacute;brah&aacute;mi vall&aacute;soknak&rdquo;, amelyekben a bibliai &Aacute;brah&aacute;m hivatkoz&aacute;si alap, &iacute;gy a zsid&oacute;s&aacute;g, a kereszt&eacute;nys&eacute;g &eacute;s az iszl&aacute;m mind &bdquo;&aacute;brah&aacute;mi vall&aacute;s&rdquo;. A fogalom &eacute;s haszn&aacute;lhat&oacute;s&aacute;ga t&ouml;bb szempontb&oacute;l vitathat&oacute;, hiszen csak az iszl&aacute;m nevezi saj&aacute;t mag&aacute;t &Aacute;brah&aacute;m vall&aacute;s&aacute;nak, m&eacute;ghozz&aacute; a kereszt&eacute;nys&eacute;ggel &eacute;s a zsid&oacute;s&aacute;ggal szemben. &Aacute;brah&aacute;mnak ui. eleve mindegyik vall&aacute;sban m&aacute;s szerepe van, m&aacute;s &eacute;rtelemben&hellip;\" class=\"encyclopedia\">&aacute;brah&aacute;mi vall&aacute;sok<\/a><\/p>\n<p>MEGJEGYZ&Eacute;S: A Kor&aacute;nban szerepl&#337; bibliai alakok t&ouml;rt&eacute;netei a bibliait&oacute;l jelent&#337;sen elt&eacute;rnek. &Aacute;brah&aacute;m sem mag&aacute;t&oacute;l, hanem &eacute;ppen az isteni megsz&oacute;l&iacute;ttat&aacute;s r&eacute;v&eacute;n a Teremt&#337; h&iacute;ve (ld. 1M&oacute;z 12. fejezet). A 7. sz-i sz&iacute;r kereszt&eacute;nyek sz&aacute;m&aacute;ra pedig a <em>han&iacute;f<\/em> vagy <em>hanp&eacute;<\/em> kifejez&eacute;s az ortodoxi&aacute;t&oacute;l &bdquo;elhajl&oacute;k&rdquo;-ra, az eretnekekre vonatkozott.<\/p>\n","protected":false},"excerpt":{"rendered":"<p>Arabul \u201e(el)hajl\u00f3\u201d \u2013 Az iszl\u00e1m egyik \u00f6n\u00e9rtelmez\u00e9se. A kifejez\u00e9s a \u201ehajolni\u201d vagy \u201eelhajolni\u201d jelent\u00e9s\u0171 ig\u00e9b\u0151l sz\u00e1rmazik, \u00e9s a Kor\u00e1nban olyasvalakit jelent, aki a pog\u00e1ny, zsid\u00f3, kereszt\u00e9ny stb. vall\u00e1si neveltet\u00e9s\u00e9t megtagadva arra \u201ehajlik\u201d, hogy az eredeti, bel\u00e9 teremtett, term\u00e9szetes vall\u00e1si \u00e9rz\u00e9knek [fitra] engedelmeskedjen, amire a legjobb p\u00e9lda a politeista \u00f6r\u00f6ks\u00e9g\u00e9t megtagad\u00f3 \u00c1brah\u00e1m (Q 26:69-89 21:51-72 6:74 &#8230;<\/p>\n","protected":false},"author":2,"featured_media":0,"template":"","encyclopedia-tag":[],"class_list":["post-3844","encyclopedia","type-encyclopedia","status-publish","hentry"],"_links":{"self":[{"href":"https:\/\/apologia.hu\/tudastar\/wp-json\/wp\/v2\/encyclopedia\/3844","targetHints":{"allow":["GET"]}}],"collection":[{"href":"https:\/\/apologia.hu\/tudastar\/wp-json\/wp\/v2\/encyclopedia"}],"about":[{"href":"https:\/\/apologia.hu\/tudastar\/wp-json\/wp\/v2\/types\/encyclopedia"}],"author":[{"embeddable":true,"href":"https:\/\/apologia.hu\/tudastar\/wp-json\/wp\/v2\/users\/2"}],"version-history":[{"count":13,"href":"https:\/\/apologia.hu\/tudastar\/wp-json\/wp\/v2\/encyclopedia\/3844\/revisions"}],"predecessor-version":[{"id":10677,"href":"https:\/\/apologia.hu\/tudastar\/wp-json\/wp\/v2\/encyclopedia\/3844\/revisions\/10677"}],"wp:attachment":[{"href":"https:\/\/apologia.hu\/tudastar\/wp-json\/wp\/v2\/media?parent=3844"}],"wp:term":[{"taxonomy":"encyclopedia-tag","embeddable":true,"href":"https:\/\/apologia.hu\/tudastar\/wp-json\/wp\/v2\/encyclopedia-tag?post=3844"}],"curies":[{"name":"wp","href":"https:\/\/api.w.org\/{rel}","templated":true}]}}

haníf

<p>Arabul „(el)hajló” – Az iszlám egyik önértelmezése. A kifejezés a „hajolni” vagy „elhajolni” jelentésű igéből származik, és a Koránban olyasvalakit jelent, aki a pogány, zsidó, keresztény stb. vallási neveltetését megtagadva arra „hajlik”, hogy az eredeti, belé teremtett, természetes vallási érzéknek [fitra] engedelmeskedjen, amire a legjobb példa a politeista örökségét megtagadó Ábrahám (Q 26:69-89 21:51-72 6:74 &#8230;</p>
