{"id":3879,"date":"2022-07-06T21:43:14","date_gmt":"2022-07-06T19:43:14","guid":{"rendered":"https:\/\/apologia.hu\/tudastar\/lexikon\/medina\/"},"modified":"2022-08-04T10:10:52","modified_gmt":"2022-08-04T08:10:52","slug":"medina","status":"publish","type":"encyclopedia","link":"https:\/\/apologia.hu\/tudastar\/lexikon\/medina\/","title":{"rendered":"Medina"},"content":{"rendered":"<p>V&aacute;rosn&eacute;v, az ar&aacute;biai <a href=\"https:\/\/apologia.hu\/tudastar\/lexikon\/jaszrib\/\" target=\"_self\" title=\"Arab v&aacute;rosn&eacute;v, a k&eacute;s&#337;bbi Medina [Madinat an-Nab&iacute; &ndash; &bdquo;A Pr&oacute;f&eacute;ta V&aacute;rosa&rdquo;] eredeti neve.\" class=\"encyclopedia\">Jaszrib<\/a> arab ragadv&aacute;nynev&eacute;b&#337;l: &bdquo;a Pr&oacute;f&eacute;ta V&aacute;rosa&rdquo; [<em>Madinat an-Nab&iacute;<\/em>]. <a href=\"https:\/\/apologia.hu\/tudastar\/lexikon\/mohamed\/\" target=\"_self\" title=\"Muhammad ibn Abdullah (kb. 570-632). Arab keresked&#337;, majd vall&aacute;si, politikai, katonai vezet&#337;, az iszl&aacute;m pr&oacute;f&eacute;t&aacute;ja. Nev&eacute;nek jelent&eacute;se &bdquo;dics&eacute;retre m&eacute;lt&oacute;&rdquo;. A mai Sza&uacute;d-Ar&aacute;bia ter&uuml;let&eacute;n, Mekk&aacute;ban sz&uuml;letett, egy anyagi szempontb&oacute;l jelent&eacute;ktelen kl&aacute;n tagjak&eacute;nt. &Eacute;desapj&aacute;t (Abdullah, azaz &bdquo;Allah szolg&aacute;ja&rdquo;) m&eacute;g sz&uuml;let&eacute;se el&#337;tt vesztette el, &eacute;desanyj&aacute;t (Amina) hat&eacute;vesen, &iacute;gy anyai nagyb&aacute;tyja, Ab&uacute; T&aacute;lib nevelte. Az iszl&aacute;m pr&oacute;f&eacute;t&aacute;ja kb. 40&hellip;\" class=\"encyclopedia\">Mohamed<\/a> ide t&aacute;vozott Mekk&aacute;b&oacute;l 622-ben [<em><a href=\"https:\/\/apologia.hu\/tudastar\/lexikon\/hidzsra\/\" target=\"_self\" title=\"Arabul &bdquo;t&aacute;voz&aacute;s&rdquo; vagy &bdquo;kivonul&aacute;s&rdquo; &ndash; Az iszl&aacute;m id&#337;sz&aacute;m&iacute;t&aacute;s kezdete, amikor Mohamed Mekk&aacute;b&oacute;l Jaszribba (a k&eacute;s&#337;bbi Medin&aacute;ba) t&aacute;vozott. D&aacute;tuma i.sz. 622. j&uacute;lius 16, azaz A.H. 1. Muharram 1.\" class=\"encyclopedia\">hidzsra<\/a><\/em>]. A v&aacute;ros hagyom&aacute;nyosan ellens&eacute;gesked&#337; kl&aacute;njait egym&aacute;ssal kib&eacute;k&iacute;tette, vall&aacute;si alapon egyes&iacute;tette (ha mind muszlimok, mind testv&eacute;rek), a <a href=\"https:\/\/apologia.hu\/tudastar\/lexikon\/pogany\/\" target=\"_self\" title=\"A latin paganus = &bdquo;falusi&rdquo; sz&oacute;b&oacute;l &ndash;&nbsp;A magyar bibliaford&iacute;t&aacute;sok egyik hagyom&aacute;nyos hib&aacute;ja, hogy a nem zsid&oacute;&nbsp;n&eacute;pekre ezzel sz&oacute;val utal. A h&eacute;ber gojim &eacute;s a g&ouml;r&ouml;g ethnoi jelent&eacute;se ui. egyszer&#369;en &bdquo;n&eacute;pek&rdquo; (ld. etnol&oacute;gia: n&eacute;prajz), ez&eacute;rt az &Uacute;jsz&ouml;vets&eacute;gben az ethnosz a &bdquo;n&eacute;pek k&ouml;z&uuml;l val&oacute;&rdquo;, azaz nem-zsid&oacute; sz&aacute;rmaz&aacute;s&uacute;akat jel&ouml;li, ak&aacute;r kereszt&eacute;nyek, ak&aacute;r nem. Izrael &eacute;s az Egyh&aacute;z mint&hellip;\" class=\"encyclopedia\">pog&aacute;ny<\/a> mekkaiakkal val&oacute; harcot innen ir&aacute;ny&iacute;totta. Medina <a href=\"https:\/\/apologia.hu\/tudastar\/lexikon\/mohamed\/\" target=\"_self\" title=\"Muhammad ibn Abdullah (kb. 570-632). Arab keresked&#337;, majd vall&aacute;si, politikai, katonai vezet&#337;, az iszl&aacute;m pr&oacute;f&eacute;t&aacute;ja. Nev&eacute;nek jelent&eacute;se &bdquo;dics&eacute;retre m&eacute;lt&oacute;&rdquo;. A mai Sza&uacute;d-Ar&aacute;bia ter&uuml;let&eacute;n, Mekk&aacute;ban sz&uuml;letett, egy anyagi szempontb&oacute;l jelent&eacute;ktelen kl&aacute;n tagjak&eacute;nt. &Eacute;desapj&aacute;t (Abdullah, azaz &bdquo;Allah szolg&aacute;ja&rdquo;) m&eacute;g sz&uuml;let&eacute;se el&#337;tt vesztette el, &eacute;desanyj&aacute;t (Amina) hat&eacute;vesen, &iacute;gy anyai nagyb&aacute;tyja, Ab&uacute; T&aacute;lib nevelte. Az iszl&aacute;m pr&oacute;f&eacute;t&aacute;ja kb. 40&hellip;\" class=\"encyclopedia\">Mohamed<\/a> &eacute;let&eacute;nek m&aacute;sodik szakasz&aacute;t f&eacute;mjelzi (622-632), a <a href=\"https:\/\/apologia.hu\/tudastar\/lexikon\/koran\/\" target=\"_self\" title=\"Arabul &bdquo;recit&aacute;lni, felolvasni, szavalni val&oacute;&rdquo; sz&ouml;veg [al-Qur'&aacute;n] &ndash; Az iszl&aacute;m szent&iacute;r&aacute;s&aacute;nak neve, c&iacute;me (Q 43:3 56:77 85:21 stb.), amit gyakran a &bdquo;nemes&rdquo; vagy &bdquo;kegyes&rdquo; jelz&#337;vel eg&eacute;sz&iacute;tenek ki [pl. al-Qur'&aacute;n al-Kar&iacute;m = a Kegyes Kor&aacute;n]. A Kor&aacute;n mint szent&iacute;r&aacute;s Allah &uuml;zenete, kinyilv&aacute;n&iacute;tott akarata. Mivel Allah &ouml;r&ouml;k, a szava is &ouml;r&ouml;k, &iacute;gy maga a Kor&aacute;n is &bdquo;teremtetlen&rdquo;&hellip;\" class=\"encyclopedia\">Kor&aacute;n<\/a> sz&ouml;vegeinek egy r&eacute;sze itt keletkezett [<em>Madan&iacute;<\/em>], szemben a kor&aacute;bbi, mekkai sz&ouml;vegekkel [<em>Makk&iacute;<\/em>]. (Ez a k&uuml;l&ouml;nbs&eacute;gt&eacute;tel a <a href=\"https:\/\/apologia.hu\/tudastar\/lexikon\/koran\/\" target=\"_self\" title=\"Arabul &bdquo;recit&aacute;lni, felolvasni, szavalni val&oacute;&rdquo; sz&ouml;veg [al-Qur'&aacute;n] &ndash; Az iszl&aacute;m szent&iacute;r&aacute;s&aacute;nak neve, c&iacute;me (Q 43:3 56:77 85:21 stb.), amit gyakran a &bdquo;nemes&rdquo; vagy &bdquo;kegyes&rdquo; jelz&#337;vel eg&eacute;sz&iacute;tenek ki [pl. al-Qur'&aacute;n al-Kar&iacute;m = a Kegyes Kor&aacute;n]. A Kor&aacute;n mint szent&iacute;r&aacute;s Allah &uuml;zenete, kinyilv&aacute;n&iacute;tott akarata. Mivel Allah &ouml;r&ouml;k, a szava is &ouml;r&ouml;k, &iacute;gy maga a Kor&aacute;n is &bdquo;teremtetlen&rdquo;&hellip;\" class=\"encyclopedia\">Kor&aacute;n<\/a> &eacute;rtelmez&eacute;s&eacute;hez elengedhetetlen.)<\/p>\n<div id=\"mouseposition-extension-element-full-container\" style=\"position: fixed; inset: 0px; pointer-events: none; z-index: 2147483647; font-weight: 400;\">\n<div id=\"mouseposition-extension-element-rect-display\" style=\"display: none; position: absolute; background: rgba(255, 255, 255, 0.7); outline: black solid 1px; font-size: 12px; z-index: 2147483647; justify-content: center; align-items: center; user-select: none; cursor: default; color: #000000; font-family: 'Helvetica Neue', Helvetica, Arial, sans-serif; width: 0px; height: 0px;\">\n<pre style=\"flex: 1 1 0%; text-align: center; background-color: rgba(255, 255, 255, 0.7); color: #000000; min-width: 42px; min-height: 12px; transition: all 1s ease 0s;\"><\/pre>\n<\/div>\n<pre id=\"mouseposition-extension-element-coordinate-display\" style=\"position: absolute; display: none; background: #ffffff; font-size: 12px; line-height: 14px; border-radius: 3px; border-width: 1px; border-color: #222222 black #333333; border-style: solid; padding: 3px; z-index: 2147483647; color: #222222; user-select: none; cursor: default; font-family: 'Helvetica Neue', Helvetica, Arial, sans-serif;\"><\/pre>\n<\/div>\n","protected":false},"excerpt":{"rendered":"<p>V\u00e1rosn\u00e9v, az ar\u00e1biai Jaszrib arab ragadv\u00e1nynev\u00e9b\u0151l: \u201ea Pr\u00f3f\u00e9ta V\u00e1rosa\u201d [Madinat an-Nab\u00ed]. Mohamed ide t\u00e1vozott Mekk\u00e1b\u00f3l 622-ben [hidzsra]. A v\u00e1ros hagyom\u00e1nyosan ellens\u00e9gesked\u0151 kl\u00e1njait egym\u00e1ssal kib\u00e9k\u00edtette, vall\u00e1si alapon egyes\u00edtette (ha mind muszlimok, mind testv\u00e9rek), a pog\u00e1ny mekkaiakkal val\u00f3 harcot innen ir\u00e1ny\u00edtotta. Medina Mohamed \u00e9let\u00e9nek m\u00e1sodik szakasz\u00e1t f\u00e9mjelzi (622-632), a Kor\u00e1n sz\u00f6vegeinek egy r\u00e9sze itt keletkezett [Madan\u00ed], szemben &#8230;<\/p>\n","protected":false},"author":2,"featured_media":0,"template":"","encyclopedia-tag":[],"class_list":["post-3879","encyclopedia","type-encyclopedia","status-publish","hentry"],"_links":{"self":[{"href":"https:\/\/apologia.hu\/tudastar\/wp-json\/wp\/v2\/encyclopedia\/3879","targetHints":{"allow":["GET"]}}],"collection":[{"href":"https:\/\/apologia.hu\/tudastar\/wp-json\/wp\/v2\/encyclopedia"}],"about":[{"href":"https:\/\/apologia.hu\/tudastar\/wp-json\/wp\/v2\/types\/encyclopedia"}],"author":[{"embeddable":true,"href":"https:\/\/apologia.hu\/tudastar\/wp-json\/wp\/v2\/users\/2"}],"version-history":[{"count":4,"href":"https:\/\/apologia.hu\/tudastar\/wp-json\/wp\/v2\/encyclopedia\/3879\/revisions"}],"predecessor-version":[{"id":11176,"href":"https:\/\/apologia.hu\/tudastar\/wp-json\/wp\/v2\/encyclopedia\/3879\/revisions\/11176"}],"wp:attachment":[{"href":"https:\/\/apologia.hu\/tudastar\/wp-json\/wp\/v2\/media?parent=3879"}],"wp:term":[{"taxonomy":"encyclopedia-tag","embeddable":true,"href":"https:\/\/apologia.hu\/tudastar\/wp-json\/wp\/v2\/encyclopedia-tag?post=3879"}],"curies":[{"name":"wp","href":"https:\/\/api.w.org\/{rel}","templated":true}]}}

<p>Városnév, az arábiai Jaszrib arab ragadványnevéből: „a Próféta Városa” [Madinat an-Nabí]. Mohamed ide távozott Mekkából 622-ben [hidzsra]. A város hagyományosan ellenségeskedő klánjait egymással kibékítette, vallási alapon egyesítette (ha mind muszlimok, mind testvérek), a pogány mekkaiakkal való harcot innen irányította. Medina Mohamed életének második szakaszát fémjelzi (622-632), a Korán szövegeinek egy része itt keletkezett [Madaní], szemben &#8230;</p>
