{"id":3887,"date":"2022-07-06T21:43:14","date_gmt":"2022-07-06T19:43:14","guid":{"rendered":"https:\/\/apologia.hu\/tudastar\/lexikon\/khadidzsa\/"},"modified":"2022-07-29T20:10:52","modified_gmt":"2022-07-29T18:10:52","slug":"khadidzsa","status":"publish","type":"encyclopedia","link":"https:\/\/apologia.hu\/tudastar\/lexikon\/khadidzsa\/","title":{"rendered":"Khad\u00eddzsa"},"content":{"rendered":"<p>Kah&iacute;dzsa bint Khuvajlid (555-619), <a href=\"https:\/\/apologia.hu\/tudastar\/lexikon\/mohamed\/\" target=\"_self\" title=\"Muhammad ibn Abdullah (kb. 570-632). Arab keresked&#337;, majd vall&aacute;si, politikai, katonai vezet&#337;, az iszl&aacute;m pr&oacute;f&eacute;t&aacute;ja. Nev&eacute;nek jelent&eacute;se &bdquo;dics&eacute;retre m&eacute;lt&oacute;&rdquo;. A mai Sza&uacute;d-Ar&aacute;bia ter&uuml;let&eacute;n, Mekk&aacute;ban sz&uuml;letett, egy anyagi szempontb&oacute;l jelent&eacute;ktelen kl&aacute;n tagjak&eacute;nt. &Eacute;desapj&aacute;t (Abdullah, azaz &bdquo;Allah szolg&aacute;ja&rdquo;) m&eacute;g sz&uuml;let&eacute;se el&#337;tt vesztette el, &eacute;desanyj&aacute;t (Amina) hat&eacute;vesen, &iacute;gy anyai nagyb&aacute;tyja, Ab&uacute; T&aacute;lib nevelte. Az iszl&aacute;m pr&oacute;f&eacute;t&aacute;ja kb. 40&hellip;\" class=\"encyclopedia\">Mohamed<\/a> alkalmaz&oacute;ja, majd els&#337; feles&eacute;ge. <a href=\"https:\/\/apologia.hu\/tudastar\/lexikon\/mohamed\/\" target=\"_self\" title=\"Muhammad ibn Abdullah (kb. 570-632). Arab keresked&#337;, majd vall&aacute;si, politikai, katonai vezet&#337;, az iszl&aacute;m pr&oacute;f&eacute;t&aacute;ja. Nev&eacute;nek jelent&eacute;se &bdquo;dics&eacute;retre m&eacute;lt&oacute;&rdquo;. A mai Sza&uacute;d-Ar&aacute;bia ter&uuml;let&eacute;n, Mekk&aacute;ban sz&uuml;letett, egy anyagi szempontb&oacute;l jelent&eacute;ktelen kl&aacute;n tagjak&eacute;nt. &Eacute;desapj&aacute;t (Abdullah, azaz &bdquo;Allah szolg&aacute;ja&rdquo;) m&eacute;g sz&uuml;let&eacute;se el&#337;tt vesztette el, &eacute;desanyj&aacute;t (Amina) hat&eacute;vesen, &iacute;gy anyai nagyb&aacute;tyja, Ab&uacute; T&aacute;lib nevelte. Az iszl&aacute;m pr&oacute;f&eacute;t&aacute;ja kb. 40&hellip;\" class=\"encyclopedia\">Mohamed<\/a> 25 &eacute;ves volt, amikor a 40 &eacute;ves Khad&iacute;dzs&aacute;t feles&eacute;g&uuml;l vette. 25 &eacute;ven &aacute;t &eacute;ltek j&oacute; h&aacute;zass&aacute;gban. N&eacute;gy l&aacute;nyuk &eacute;s k&eacute;t fiuk sz&uuml;letett, a fi&uacute;k <a href=\"https:\/\/apologia.hu\/tudastar\/lexikon\/koran\/\" target=\"_self\" title=\"Arabul &bdquo;recit&aacute;lni, felolvasni, szavalni val&oacute;&rdquo; sz&ouml;veg [al-Qur'&aacute;n] &ndash; Az iszl&aacute;m szent&iacute;r&aacute;s&aacute;nak neve, c&iacute;me (Q 43:3 56:77 85:21 stb.), amit gyakran a &bdquo;nemes&rdquo; vagy &bdquo;kegyes&rdquo; jelz&#337;vel eg&eacute;sz&iacute;tenek ki [pl. al-Qur'&aacute;n al-Kar&iacute;m = a Kegyes Kor&aacute;n]. A Kor&aacute;n mint szent&iacute;r&aacute;s Allah &uuml;zenete, kinyilv&aacute;n&iacute;tott akarata. Mivel Allah &ouml;r&ouml;k, a szava is &ouml;r&ouml;k, &iacute;gy maga a Kor&aacute;n is &bdquo;teremtetlen&rdquo;&hellip;\" class=\"encyclopedia\">kor&aacute;n<\/a> elhunytak. (A s&iacute;it&aacute;k szerint csak <a href=\"https:\/\/apologia.hu\/tudastar\/lexikon\/fatima\/\" target=\"_self\" title=\"F&aacute;tima bint Muhammad (605\/15-632), Mohamed els&#337; h&aacute;zass&aacute;g&aacute;b&oacute;l, Khad&iacute;dzs&aacute;t&oacute;l sz&uuml;letett l&aacute;nya (s&iacute;it&aacute;k szerint az egyetlen k&ouml;z&ouml;s gyermek&uuml;k). Mohamed unokatestv&eacute;r&eacute;nek, Al&iacute;nak volt a feles&eacute;ge, k&eacute;t l&aacute;nyuk &eacute;s k&eacute;t fiuk sz&uuml;letett (Haszan &eacute;s Huszajn). Fatima is megkapta &bdquo;a h&iacute;v&#337;k anyja&rdquo; [umm al-mumin&iacute;n] c&iacute;met, mint Mohamed feles&eacute;gei. Mohamed utols&oacute; &eacute;l&#337; gyermekek&eacute;nt csak k&eacute;t h&oacute;nappal &eacute;lte t&uacute;l &eacute;desapj&aacute;t. A s&iacute;it&aacute;k&hellip;\" class=\"encyclopedia\">Fatima<\/a>, Ali feles&eacute;ge volt <a href=\"https:\/\/apologia.hu\/tudastar\/lexikon\/mohamed\/\" target=\"_self\" title=\"Muhammad ibn Abdullah (kb. 570-632). Arab keresked&#337;, majd vall&aacute;si, politikai, katonai vezet&#337;, az iszl&aacute;m pr&oacute;f&eacute;t&aacute;ja. Nev&eacute;nek jelent&eacute;se &bdquo;dics&eacute;retre m&eacute;lt&oacute;&rdquo;. A mai Sza&uacute;d-Ar&aacute;bia ter&uuml;let&eacute;n, Mekk&aacute;ban sz&uuml;letett, egy anyagi szempontb&oacute;l jelent&eacute;ktelen kl&aacute;n tagjak&eacute;nt. &Eacute;desapj&aacute;t (Abdullah, azaz &bdquo;Allah szolg&aacute;ja&rdquo;) m&eacute;g sz&uuml;let&eacute;se el&#337;tt vesztette el, &eacute;desanyj&aacute;t (Amina) hat&eacute;vesen, &iacute;gy anyai nagyb&aacute;tyja, Ab&uacute; T&aacute;lib nevelte. Az iszl&aacute;m pr&oacute;f&eacute;t&aacute;ja kb. 40&hellip;\" class=\"encyclopedia\">Mohamed<\/a> l&aacute;nya, a t&ouml;bbi l&aacute;ny Khad&iacute;dzsa el&#337;z&#337; h&aacute;zass&aacute;g&aacute;b&oacute;l sz&uuml;letett.) Khad&iacute;dzsa m&eacute;g a <em><a href=\"https:\/\/apologia.hu\/tudastar\/lexikon\/hidzsra\/\" target=\"_self\" title=\"Arabul &bdquo;t&aacute;voz&aacute;s&rdquo; vagy &bdquo;kivonul&aacute;s&rdquo; &ndash; Az iszl&aacute;m id&#337;sz&aacute;m&iacute;t&aacute;s kezdete, amikor Mohamed Mekk&aacute;b&oacute;l Jaszribba (a k&eacute;s&#337;bbi Medin&aacute;ba) t&aacute;vozott. D&aacute;tuma i.sz. 622. j&uacute;lius 16, azaz A.H. 1. Muharram 1.\" class=\"encyclopedia\">hidzsra<\/a><\/em> el&#337;tt hunyt el, <a href=\"https:\/\/apologia.hu\/tudastar\/lexikon\/mohamed\/\" target=\"_self\" title=\"Muhammad ibn Abdullah (kb. 570-632). Arab keresked&#337;, majd vall&aacute;si, politikai, katonai vezet&#337;, az iszl&aacute;m pr&oacute;f&eacute;t&aacute;ja. Nev&eacute;nek jelent&eacute;se &bdquo;dics&eacute;retre m&eacute;lt&oacute;&rdquo;. A mai Sza&uacute;d-Ar&aacute;bia ter&uuml;let&eacute;n, Mekk&aacute;ban sz&uuml;letett, egy anyagi szempontb&oacute;l jelent&eacute;ktelen kl&aacute;n tagjak&eacute;nt. &Eacute;desapj&aacute;t (Abdullah, azaz &bdquo;Allah szolg&aacute;ja&rdquo;) m&eacute;g sz&uuml;let&eacute;se el&#337;tt vesztette el, &eacute;desanyj&aacute;t (Amina) hat&eacute;vesen, &iacute;gy anyai nagyb&aacute;tyja, Ab&uacute; T&aacute;lib nevelte. Az iszl&aacute;m pr&oacute;f&eacute;t&aacute;ja kb. 40&hellip;\" class=\"encyclopedia\">Mohamed<\/a> csak a hal&aacute;la ut&aacute;n vett feles&eacute;g&uuml;l m&aacute;s n&#337;ket. Mint <a href=\"https:\/\/apologia.hu\/tudastar\/lexikon\/mohamed\/\" target=\"_self\" title=\"Muhammad ibn Abdullah (kb. 570-632). Arab keresked&#337;, majd vall&aacute;si, politikai, katonai vezet&#337;, az iszl&aacute;m pr&oacute;f&eacute;t&aacute;ja. Nev&eacute;nek jelent&eacute;se &bdquo;dics&eacute;retre m&eacute;lt&oacute;&rdquo;. A mai Sza&uacute;d-Ar&aacute;bia ter&uuml;let&eacute;n, Mekk&aacute;ban sz&uuml;letett, egy anyagi szempontb&oacute;l jelent&eacute;ktelen kl&aacute;n tagjak&eacute;nt. &Eacute;desapj&aacute;t (Abdullah, azaz &bdquo;Allah szolg&aacute;ja&rdquo;) m&eacute;g sz&uuml;let&eacute;se el&#337;tt vesztette el, &eacute;desanyj&aacute;t (Amina) hat&eacute;vesen, &iacute;gy anyai nagyb&aacute;tyja, Ab&uacute; T&aacute;lib nevelte. Az iszl&aacute;m pr&oacute;f&eacute;t&aacute;ja kb. 40&hellip;\" class=\"encyclopedia\">Mohamed<\/a> minden feles&eacute;ge, Khad&iacute;dzsa is megkapta &bdquo;a h&iacute;v&#337;k anyja&rdquo; [<em>umm al-mum&iacute;n&iacute;n<\/em>] c&iacute;met.<\/p>\n<div id=\"mouseposition-extension-element-full-container\" style=\"position: fixed; inset: 0px; pointer-events: none; z-index: 2147483647; font-weight: 400;\">\n<div id=\"mouseposition-extension-element-rect-display\" style=\"display: none; position: absolute; background: rgba(255, 255, 255, 0.7); outline: black solid 1px; font-size: 12px; z-index: 2147483647; justify-content: center; align-items: center; user-select: none; cursor: default; color: #000000; font-family: 'Helvetica Neue', Helvetica, Arial, sans-serif; width: 0px; height: 0px;\">\n<pre style=\"flex: 1 1 0%; text-align: center; background-color: rgba(255, 255, 255, 0.7); color: #000000; min-width: 42px; min-height: 12px; transition: all 1s ease 0s;\"><\/pre>\n<\/div>\n<pre id=\"mouseposition-extension-element-coordinate-display\" style=\"position: absolute; display: none; background: #ffffff; font-size: 12px; line-height: 14px; border-radius: 3px; border-width: 1px; border-color: #222222 black #333333; border-style: solid; padding: 3px; z-index: 2147483647; color: #222222; user-select: none; cursor: default; font-family: 'Helvetica Neue', Helvetica, Arial, sans-serif;\"><\/pre>\n<\/div>\n","protected":false},"excerpt":{"rendered":"<p>Kah\u00eddzsa bint Khuvajlid (555-619), Mohamed alkalmaz\u00f3ja, majd els\u0151 feles\u00e9ge. Mohamed 25 \u00e9ves volt, amikor a 40 \u00e9ves Khad\u00eddzs\u00e1t feles\u00e9g\u00fcl vette. 25 \u00e9ven \u00e1t \u00e9ltek j\u00f3 h\u00e1zass\u00e1gban. N\u00e9gy l\u00e1nyuk \u00e9s k\u00e9t fiuk sz\u00fcletett, a fi\u00fak kor\u00e1n elhunytak. (A s\u00edit\u00e1k szerint csak Fatima, Ali feles\u00e9ge volt Mohamed l\u00e1nya, a t\u00f6bbi l\u00e1ny Khad\u00eddzsa el\u0151z\u0151 h\u00e1zass\u00e1g\u00e1b\u00f3l sz\u00fcletett.) Khad\u00eddzsa m\u00e9g &#8230;<\/p>\n","protected":false},"author":2,"featured_media":0,"template":"","encyclopedia-tag":[],"class_list":["post-3887","encyclopedia","type-encyclopedia","status-publish","hentry"],"_links":{"self":[{"href":"https:\/\/apologia.hu\/tudastar\/wp-json\/wp\/v2\/encyclopedia\/3887","targetHints":{"allow":["GET"]}}],"collection":[{"href":"https:\/\/apologia.hu\/tudastar\/wp-json\/wp\/v2\/encyclopedia"}],"about":[{"href":"https:\/\/apologia.hu\/tudastar\/wp-json\/wp\/v2\/types\/encyclopedia"}],"author":[{"embeddable":true,"href":"https:\/\/apologia.hu\/tudastar\/wp-json\/wp\/v2\/users\/2"}],"version-history":[{"count":3,"href":"https:\/\/apologia.hu\/tudastar\/wp-json\/wp\/v2\/encyclopedia\/3887\/revisions"}],"predecessor-version":[{"id":10980,"href":"https:\/\/apologia.hu\/tudastar\/wp-json\/wp\/v2\/encyclopedia\/3887\/revisions\/10980"}],"wp:attachment":[{"href":"https:\/\/apologia.hu\/tudastar\/wp-json\/wp\/v2\/media?parent=3887"}],"wp:term":[{"taxonomy":"encyclopedia-tag","embeddable":true,"href":"https:\/\/apologia.hu\/tudastar\/wp-json\/wp\/v2\/encyclopedia-tag?post=3887"}],"curies":[{"name":"wp","href":"https:\/\/api.w.org\/{rel}","templated":true}]}}

Khadídzsa

<p>Kahídzsa bint Khuvajlid (555-619), Mohamed alkalmazója, majd első felesége. Mohamed 25 éves volt, amikor a 40 éves Khadídzsát feleségül vette. 25 éven át éltek jó házasságban. Négy lányuk és két fiuk született, a fiúk korán elhunytak. (A síiták szerint csak Fatima, Ali felesége volt Mohamed lánya, a többi lány Khadídzsa előző házasságából született.) Khadídzsa még &#8230;</p>
