{"id":3952,"date":"2022-07-06T21:43:16","date_gmt":"2022-07-06T19:43:16","guid":{"rendered":"https:\/\/apologia.hu\/tudastar\/lexikon\/hadisz-qudszi\/"},"modified":"2022-07-06T21:43:16","modified_gmt":"2022-07-06T19:43:16","slug":"hadisz-qudszi","status":"publish","type":"encyclopedia","link":"https:\/\/apologia.hu\/tudastar\/lexikon\/hadisz-qudszi\/","title":{"rendered":"had\u00edsz qudsz\u00ed"},"content":{"rendered":"<p>Arabul &bdquo;szent k&ouml;zl&eacute;s&rdquo; &ndash; A <a href=\"https:\/\/apologia.hu\/tudastar\/lexikon\/hadisz\/\" target=\"_self\" title=\"Arabul &bdquo;k&ouml;zl&eacute;s, besz&aacute;mol&oacute;, h&iacute;r&rdquo; &ndash; Mohamed idej&eacute;re visszavezethet&#337; kort&aacute;rs besz&aacute;mol&oacute;k, k&ouml;zl&eacute;sek, amelyeket Mohamed rokonai &eacute;s k&ouml;zvetlen munkat&aacute;rsai &eacute;ltek &aacute;t, &eacute;s adtak tov&aacute;bb. A Kor&aacute;n sz&ouml;vegk&ouml;rnyezet n&eacute;lk&uuml;li szakaszainak &eacute;rtelmez&eacute;s&eacute;t vannak hivatva seg&iacute;teni az&aacute;ltal, hogy k&ouml;vetkeztetni engednek egy-egy szakasz &bdquo;lek&uuml;ld&eacute;s&eacute;nek&rdquo; okaira (helyzet, jelenl&eacute;v&#337;k, besz&eacute;lget&eacute;s t&aacute;rgya stb.). A 8-10. sz-ban erre szakosodott hittud&oacute;sok &uacute;n. had&iacute;sz-gy&#369;jtem&eacute;nyeket alkottak. Kidolgozt&aacute;k a&hellip;\" class=\"encyclopedia\">had&iacute;sz<\/a>-tudom&aacute;nyban olyan besz&aacute;mol&oacute;, amely <a href=\"https:\/\/apologia.hu\/tudastar\/lexikon\/allah\/\" target=\"_self\" title=\"Az iszl&aacute;mban Isten szem&eacute;lyneve. Elterjedt n&eacute;zet szerint az All&aacute;h az arab al-il&aacute;h [&bdquo;az Isten&rdquo;] &ouml;sszeolvad&aacute;sa, de k&eacute;ts&eacute;ges, hogy a mekkai szent&eacute;ly 360 istene k&ouml;z&uuml;l az egyik neve &bdquo;azisten&rdquo; lett volna. M&aacute;s n&eacute;zet szerint a sz&iacute;r kereszt&eacute;nyek &aacute;ltal hirdetett All&aacute;h&aacute; (&bdquo;Isten&rdquo;) &aacute;tv&eacute;tele, ami megmagyar&aacute;zn&aacute;, hogy a mekkai istenek k&ouml;z&ouml;tt mi&eacute;rt csak Allahnak volt vil&aacute;gteremt&#337; funkci&oacute;ja: a&hellip;\" class=\"encyclopedia\">Allah<\/a> szavait &#337;rzi, de nincs benne a Kor&aacute;nban, mert pl. t&ouml;bb v&aacute;ltozatban maradt fenn. V&ouml;. <a href=\"https:\/\/apologia.hu\/tudastar\/lexikon\/hadisz-sarif\/\" target=\"_self\" title=\"Arabul &bdquo;nemes k&ouml;zl&eacute;s&rdquo; &ndash;&nbsp;A had&iacute;sz-tudom&aacute;nyban olyan besz&aacute;mol&oacute; neve, amely Mohamed szavait &#337;rzi. V&ouml;. had&iacute;sz qudsz&iacute;\" class=\"encyclopedia\">had&iacute;sz sar&iacute;f<\/a>.<\/p>\n<div id=\"mouseposition-extension-element-full-container\" style=\"position: fixed; inset: 0px; pointer-events: none; z-index: 2147483647; font-weight: 400;\">\n<div id=\"mouseposition-extension-element-rect-display\" style=\"display: none; position: absolute; background: rgba(255, 255, 255, 0.7); outline: black solid 1px; font-size: 12px; z-index: 2147483647; justify-content: center; align-items: center; user-select: none; cursor: default; color: #000000; font-family: 'Helvetica Neue', Helvetica, Arial, sans-serif; width: 0px; height: 0px;\">\n<pre style=\"flex: 1 1 0%; text-align: center; background-color: rgba(255, 255, 255, 0.7); color: #000000; min-width: 42px; min-height: 12px; transition: all 1s ease 0s;\"><\/pre>\n<\/div>\n<pre id=\"mouseposition-extension-element-coordinate-display\" style=\"position: absolute; display: none; background: #ffffff; font-size: 12px; line-height: 14px; border-radius: 3px; border-width: 1px; border-color: #222222 black #333333; border-style: solid; padding: 3px; z-index: 2147483647; color: #222222; user-select: none; cursor: default; font-family: 'Helvetica Neue', Helvetica, Arial, sans-serif;\"><\/pre>\n<\/div>\n","protected":false},"excerpt":{"rendered":"<p>Arabul \u201eszent k\u00f6zl\u00e9s\u201d \u2013 A had\u00edsz-tudom\u00e1nyban olyan besz\u00e1mol\u00f3, amely Allah szavait \u0151rzi, de nincs benne a Kor\u00e1nban, mert pl. t\u00f6bb v\u00e1ltozatban maradt fenn. V\u00f6. had\u00edsz sar\u00edf.<\/p>\n","protected":false},"author":2,"featured_media":0,"template":"","encyclopedia-tag":[],"class_list":["post-3952","encyclopedia","type-encyclopedia","status-publish","hentry"],"_links":{"self":[{"href":"https:\/\/apologia.hu\/tudastar\/wp-json\/wp\/v2\/encyclopedia\/3952","targetHints":{"allow":["GET"]}}],"collection":[{"href":"https:\/\/apologia.hu\/tudastar\/wp-json\/wp\/v2\/encyclopedia"}],"about":[{"href":"https:\/\/apologia.hu\/tudastar\/wp-json\/wp\/v2\/types\/encyclopedia"}],"author":[{"embeddable":true,"href":"https:\/\/apologia.hu\/tudastar\/wp-json\/wp\/v2\/users\/2"}],"version-history":[{"count":2,"href":"https:\/\/apologia.hu\/tudastar\/wp-json\/wp\/v2\/encyclopedia\/3952\/revisions"}],"predecessor-version":[{"id":9169,"href":"https:\/\/apologia.hu\/tudastar\/wp-json\/wp\/v2\/encyclopedia\/3952\/revisions\/9169"}],"wp:attachment":[{"href":"https:\/\/apologia.hu\/tudastar\/wp-json\/wp\/v2\/media?parent=3952"}],"wp:term":[{"taxonomy":"encyclopedia-tag","embeddable":true,"href":"https:\/\/apologia.hu\/tudastar\/wp-json\/wp\/v2\/encyclopedia-tag?post=3952"}],"curies":[{"name":"wp","href":"https:\/\/api.w.org\/{rel}","templated":true}]}}

hadísz qudszí

<p>Arabul „szent közlés” – A hadísz-tudományban olyan beszámoló, amely Allah szavait őrzi, de nincs benne a Koránban, mert pl. több változatban maradt fenn. Vö. hadísz saríf.</p>
