{"id":3982,"date":"2022-07-06T21:43:17","date_gmt":"2022-07-06T19:43:17","guid":{"rendered":"https:\/\/apologia.hu\/tudastar\/lexikon\/fitra\/"},"modified":"2022-07-22T10:57:59","modified_gmt":"2022-07-22T08:57:59","slug":"fitra","status":"publish","type":"encyclopedia","link":"https:\/\/apologia.hu\/tudastar\/lexikon\/fitra\/","title":{"rendered":"fitra"},"content":{"rendered":"<p>Arabul &bdquo;term&eacute;szetes (vall&aacute;si &eacute;rz&eacute;k)&rdquo; &ndash; Az <a href=\"https:\/\/apologia.hu\/tudastar\/lexikon\/iszlam\/\" target=\"_self\" title=\"Arabul &bdquo;megb&eacute;k&eacute;l&eacute;s&rdquo; Allah akarat&aacute;val vagy &bdquo;&ouml;nal&aacute;vet&eacute;s&rdquo; Allah akarat&aacute;nak &ndash;&nbsp;Az iszl&aacute;m vall&aacute;s &ouml;nmegnevez&eacute;se az aszlama = megb&eacute;k&eacute;lni, beh&oacute;dolni, &ouml;nmag&aacute;t al&aacute;vetni jelent&eacute;s&#369; ig&eacute;b&#337;l. Az iszl&aacute;m az i.sz. 7. sz. j&ouml;tt l&eacute;tre, alap&iacute;t&oacute;ja Mohamed (570-623), az iszl&aacute;m pr&oacute;f&eacute;t&aacute;ja, Allah k&uuml;ld&ouml;tte. Allah az &uuml;zeneteit a hetedik &eacute;gb&#337;l lek&uuml;ldte [nuzul] Dzsibr&iacute;l arkangyallal, hogy ledikt&aacute;lja Mohamednek, aki recit&aacute;lta &eacute;s h&iacute;veivel memoriz&aacute;lta&hellip;\" class=\"encyclopedia\">iszl&aacute;m<\/a> hittan szerint az ember term&eacute;szet&eacute;n&eacute;l fogva vall&aacute;sos (Q 30:30), az <a href=\"https:\/\/apologia.hu\/tudastar\/lexikon\/iszlam\/\" target=\"_self\" title=\"Arabul &bdquo;megb&eacute;k&eacute;l&eacute;s&rdquo; Allah akarat&aacute;val vagy &bdquo;&ouml;nal&aacute;vet&eacute;s&rdquo; Allah akarat&aacute;nak &ndash;&nbsp;Az iszl&aacute;m vall&aacute;s &ouml;nmegnevez&eacute;se az aszlama = megb&eacute;k&eacute;lni, beh&oacute;dolni, &ouml;nmag&aacute;t al&aacute;vetni jelent&eacute;s&#369; ig&eacute;b&#337;l. Az iszl&aacute;m az i.sz. 7. sz. j&ouml;tt l&eacute;tre, alap&iacute;t&oacute;ja Mohamed (570-623), az iszl&aacute;m pr&oacute;f&eacute;t&aacute;ja, Allah k&uuml;ld&ouml;tte. Allah az &uuml;zeneteit a hetedik &eacute;gb&#337;l lek&uuml;ldte [nuzul] Dzsibr&iacute;l arkangyallal, hogy ledikt&aacute;lja Mohamednek, aki recit&aacute;lta &eacute;s h&iacute;veivel memoriz&aacute;lta&hellip;\" class=\"encyclopedia\">iszl&aacute;m<\/a> a term&eacute;szetes vall&aacute;soss&aacute;g vall&aacute;sa [<em><a href=\"https:\/\/apologia.hu\/tudastar\/lexikon\/din\/\" target=\"_self\" title=\"Arabul &bdquo;(meg)vall&aacute;s&rdquo; &ndash; Az iszl&aacute;mban kulcsfogalom, pl. &bdquo;az iszl&aacute;m vall&aacute;s &eacute;s politika&rdquo; elv&aacute;laszthatatlan egys&eacute;ge [iszl&aacute;m d&iacute;n va daula], az iszl&aacute;m eszkatol&oacute;gi&aacute;ban az &iacute;t&eacute;let napja tkp. a &bdquo;megvall&aacute;s napja&rdquo; [jaum ad-d&iacute;n], a s&iacute;ita &aacute;gban a hittan vagy hittudom&aacute;ny [usz&uacute;l ad-d&iacute;n] neve.\" class=\"encyclopedia\">d&iacute;n<\/a> al-fitra<\/em>]. A <em>fitra<\/em> sz&oacute; a &bdquo;teremteni&rdquo; jelent&eacute;s&#369; <em>fatara<\/em> ig&eacute;b&#337;l sz&aacute;rmazik (Q 6:79), &eacute;s a teremtm&eacute;ny sz&aacute;m&aacute;ra term&eacute;szetes teol&oacute;giai &eacute;s mor&aacute;lis felismer&eacute;sre utal. A <a href=\"https:\/\/apologia.hu\/tudastar\/lexikon\/koran\/\" target=\"_self\" title=\"Arabul &bdquo;recit&aacute;lni, felolvasni, szavalni val&oacute;&rdquo; sz&ouml;veg [al-Qur'&aacute;n] &ndash; Az iszl&aacute;m szent&iacute;r&aacute;s&aacute;nak neve, c&iacute;me (Q 43:3 56:77 85:21 stb.), amit gyakran a &bdquo;nemes&rdquo; vagy &bdquo;kegyes&rdquo; jelz&#337;vel eg&eacute;sz&iacute;tenek ki [pl. al-Qur'&aacute;n al-Kar&iacute;m = a Kegyes Kor&aacute;n]. A Kor&aacute;n mint szent&iacute;r&aacute;s Allah &uuml;zenete, kinyilv&aacute;n&iacute;tott akarata. Mivel Allah &ouml;r&ouml;k, a szava is &ouml;r&ouml;k, &iacute;gy maga a Kor&aacute;n is &bdquo;teremtetlen&rdquo;&hellip;\" class=\"encyclopedia\">Kor&aacute;n<\/a> szerint az &ouml;r&ouml;kk&eacute;val&oacute; &eacute;s mindenhat&oacute; Teremt&#337; l&eacute;t&eacute;re r&aacute;&eacute;bred&eacute;s legjobb p&eacute;ld&aacute;ja &Aacute;brah&aacute;m (Q 21:51-72 6:74-78), aki <a href=\"https:\/\/apologia.hu\/tudastar\/lexikon\/mohamed\/\" target=\"_self\" title=\"Muhammad ibn Abdullah (kb. 570-632). Arab keresked&#337;, majd vall&aacute;si, politikai, katonai vezet&#337;, az iszl&aacute;m pr&oacute;f&eacute;t&aacute;ja. Nev&eacute;nek jelent&eacute;se &bdquo;dics&eacute;retre m&eacute;lt&oacute;&rdquo;. A mai Sza&uacute;d-Ar&aacute;bia ter&uuml;let&eacute;n, Mekk&aacute;ban sz&uuml;letett, egy anyagi szempontb&oacute;l jelent&eacute;ktelen kl&aacute;n tagjak&eacute;nt. &Eacute;desapj&aacute;t (Abdullah, azaz &bdquo;Allah szolg&aacute;ja&rdquo;) m&eacute;g sz&uuml;let&eacute;se el&#337;tt vesztette el, &eacute;desanyj&aacute;t (Amina) hat&eacute;vesen, &iacute;gy anyai nagyb&aacute;tyja, Ab&uacute; T&aacute;lib nevelte. Az iszl&aacute;m pr&oacute;f&eacute;t&aacute;ja kb. 40&hellip;\" class=\"encyclopedia\">Mohamed<\/a> szerint nem volt sem zsid&oacute;, sem kereszt&eacute;ny, hanem <a href=\"https:\/\/apologia.hu\/tudastar\/lexikon\/muszlim\/\" target=\"_self\" title=\"Arabul &bdquo;aki al&aacute;veti mag&aacute;t&rdquo; (Allah akarat&aacute;nak), &bdquo;aki megb&eacute;k&eacute;l&rdquo; (Allah akarat&aacute;val) [n&#337;n. muszlima, t.sz. muszlim&uacute;n] &ndash; Az iszl&aacute;m h&iacute;veinek leggyakoribb &ouml;nmegnevez&eacute;se. Az aszlama = megb&eacute;k&eacute;lni, beh&oacute;dolni, &ouml;nmag&aacute;t al&aacute;vetni ig&eacute;b&#337;l. A &bdquo;muszlim&rdquo; magyarul is k&ouml;nnyen kiejthet&#337; &eacute;s elterjedt sz&oacute;. A &bdquo;muzulm&aacute;n&rdquo; v&aacute;ltozat &ndash; a t&ouml;r&ouml;k m&uuml;sz&uuml;lm&eacute;n nyom&aacute;n &ndash; elfogadhat&oacute;, a n&eacute;metes &bdquo;mozlim&rdquo; az akad&eacute;miai aj&aacute;nl&aacute;s ellen&eacute;re sincs&hellip;\" class=\"encyclopedia\">muszlim<\/a>, azaz <em><a href=\"https:\/\/apologia.hu\/tudastar\/lexikon\/hanif\/\" target=\"_self\" title=\"Arabul &bdquo;(el)hajl&oacute;&rdquo; &ndash; Az iszl&aacute;m egyik &ouml;n&eacute;rtelmez&eacute;se. A kifejez&eacute;s a &bdquo;hajolni&rdquo; vagy &bdquo;elhajolni&rdquo; jelent&eacute;s&#369; ig&eacute;b&#337;l sz&aacute;rmazik, &eacute;s a Kor&aacute;nban olyasvalakit jelent, aki a pog&aacute;ny, zsid&oacute;, kereszt&eacute;ny stb. vall&aacute;si neveltet&eacute;s&eacute;t megtagadva arra &bdquo;hajlik&rdquo;, hogy az eredeti, bel&eacute; teremtett, term&eacute;szetes vall&aacute;si &eacute;rz&eacute;knek [fitra] engedelmeskedjen, amire a legjobb p&eacute;lda a politeista &ouml;r&ouml;ks&eacute;g&eacute;t megtagad&oacute; &Aacute;brah&aacute;m (Q 26:69-89 21:51-72 6:74&hellip;\" class=\"encyclopedia\">han&iacute;f<\/a><\/em> (Q 3:67), ami az <a href=\"https:\/\/apologia.hu\/tudastar\/lexikon\/iszlam\/\" target=\"_self\" title=\"Arabul &bdquo;megb&eacute;k&eacute;l&eacute;s&rdquo; Allah akarat&aacute;val vagy &bdquo;&ouml;nal&aacute;vet&eacute;s&rdquo; Allah akarat&aacute;nak &ndash;&nbsp;Az iszl&aacute;m vall&aacute;s &ouml;nmegnevez&eacute;se az aszlama = megb&eacute;k&eacute;lni, beh&oacute;dolni, &ouml;nmag&aacute;t al&aacute;vetni jelent&eacute;s&#369; ig&eacute;b&#337;l. Az iszl&aacute;m az i.sz. 7. sz. j&ouml;tt l&eacute;tre, alap&iacute;t&oacute;ja Mohamed (570-623), az iszl&aacute;m pr&oacute;f&eacute;t&aacute;ja, Allah k&uuml;ld&ouml;tte. Allah az &uuml;zeneteit a hetedik &eacute;gb&#337;l lek&uuml;ldte [nuzul] Dzsibr&iacute;l arkangyallal, hogy ledikt&aacute;lja Mohamednek, aki recit&aacute;lta &eacute;s h&iacute;veivel memoriz&aacute;lta&hellip;\" class=\"encyclopedia\">iszl&aacute;m<\/a> &eacute;rtelmez&eacute;s&eacute;ben a &bdquo;term&eacute;szetes&rdquo; monoteista, akihez nem &eacute;rt el semmilyen &bdquo;lek&uuml;ld&ouml;tt&rdquo; k&ouml;nyv, azaz &iacute;rott isteni kinyilatkoztat&aacute;s.<\/p>\n<div id=\"mouseposition-extension-element-full-container\" style=\"position: fixed; inset: 0px; pointer-events: none; z-index: 2147483647; font-weight: 400;\">\n<div id=\"mouseposition-extension-element-rect-display\" style=\"display: none; position: absolute; background: rgba(255, 255, 255, 0.7); outline: black solid 1px; font-size: 12px; z-index: 2147483647; justify-content: center; align-items: center; user-select: none; cursor: default; color: #000000; font-family: 'Helvetica Neue', Helvetica, Arial, sans-serif; width: 0px; height: 0px;\">\n<pre style=\"flex: 1 1 0%; text-align: center; background-color: rgba(255, 255, 255, 0.7); color: #000000; min-width: 42px; min-height: 12px; transition: all 1s ease 0s;\"><\/pre>\n<\/div>\n<pre id=\"mouseposition-extension-element-coordinate-display\" style=\"position: absolute; display: none; background: #ffffff; font-size: 12px; line-height: 14px; border-radius: 3px; border-width: 1px; border-color: #222222 black #333333; border-style: solid; padding: 3px; z-index: 2147483647; color: #222222; user-select: none; cursor: default; font-family: 'Helvetica Neue', Helvetica, Arial, sans-serif;\"><\/pre>\n<\/div>\n","protected":false},"excerpt":{"rendered":"<p>Arabul \u201eterm\u00e9szetes (vall\u00e1si \u00e9rz\u00e9k)\u201d \u2013 Az iszl\u00e1m hittan szerint az ember term\u00e9szet\u00e9n\u00e9l fogva vall\u00e1sos (Q 30:30), az iszl\u00e1m a term\u00e9szetes vall\u00e1soss\u00e1g vall\u00e1sa [d\u00edn al-fitra]. A fitra sz\u00f3 a \u201eteremteni\u201d jelent\u00e9s\u0171 fatara ig\u00e9b\u0151l sz\u00e1rmazik (Q 6:79), \u00e9s a teremtm\u00e9ny sz\u00e1m\u00e1ra term\u00e9szetes teol\u00f3giai \u00e9s mor\u00e1lis felismer\u00e9sre utal. A Kor\u00e1n szerint az \u00f6r\u00f6kk\u00e9val\u00f3 \u00e9s mindenhat\u00f3 Teremt\u0151 l\u00e9t\u00e9re r\u00e1\u00e9bred\u00e9s &#8230;<\/p>\n","protected":false},"author":2,"featured_media":0,"template":"","encyclopedia-tag":[],"class_list":["post-3982","encyclopedia","type-encyclopedia","status-publish","hentry"],"_links":{"self":[{"href":"https:\/\/apologia.hu\/tudastar\/wp-json\/wp\/v2\/encyclopedia\/3982","targetHints":{"allow":["GET"]}}],"collection":[{"href":"https:\/\/apologia.hu\/tudastar\/wp-json\/wp\/v2\/encyclopedia"}],"about":[{"href":"https:\/\/apologia.hu\/tudastar\/wp-json\/wp\/v2\/types\/encyclopedia"}],"author":[{"embeddable":true,"href":"https:\/\/apologia.hu\/tudastar\/wp-json\/wp\/v2\/users\/2"}],"version-history":[{"count":9,"href":"https:\/\/apologia.hu\/tudastar\/wp-json\/wp\/v2\/encyclopedia\/3982\/revisions"}],"predecessor-version":[{"id":10597,"href":"https:\/\/apologia.hu\/tudastar\/wp-json\/wp\/v2\/encyclopedia\/3982\/revisions\/10597"}],"wp:attachment":[{"href":"https:\/\/apologia.hu\/tudastar\/wp-json\/wp\/v2\/media?parent=3982"}],"wp:term":[{"taxonomy":"encyclopedia-tag","embeddable":true,"href":"https:\/\/apologia.hu\/tudastar\/wp-json\/wp\/v2\/encyclopedia-tag?post=3982"}],"curies":[{"name":"wp","href":"https:\/\/api.w.org\/{rel}","templated":true}]}}

<p>Arabul „természetes (vallási érzék)” – Az iszlám hittan szerint az ember természeténél fogva vallásos (Q 30:30), az iszlám a természetes vallásosság vallása [dín al-fitra]. A fitra szó a „teremteni” jelentésű fatara igéből származik (Q 6:79), és a teremtmény számára természetes teológiai és morális felismerésre utal. A Korán szerint az örökkévaló és mindenható Teremtő létére ráébredés &#8230;</p>
