{"id":8977,"date":"2022-07-06T21:43:10","date_gmt":"2022-07-06T19:43:10","guid":{"rendered":"https:\/\/apologia.hu\/tudastar\/lexikon\/szent\/"},"modified":"2022-11-26T13:37:53","modified_gmt":"2022-11-26T12:37:53","slug":"szent","status":"publish","type":"encyclopedia","link":"https:\/\/apologia.hu\/tudastar\/lexikon\/szent\/","title":{"rendered":"szents\u00e9g"},"content":{"rendered":"<p>A latin <em>sanctus<\/em> sz&oacute;b&oacute;l &ndash; A szents&eacute;g az izraelita &eacute;s kereszt&eacute;ny vall&aacute;s saj&aacute;tos teol&oacute;giai alapfogalma. A &bdquo;szent&rdquo; [h&eacute;ber <em>qad&oacute;s<\/em>, g&ouml;r&ouml;g <em>hagiosz<\/em>] el&#337;sz&ouml;r is Isten tulajdons&aacute;ga: &#337; &bdquo;eg&eacute;szen m&aacute;s&rdquo; (egyszerre csod&aacute;latos &eacute;s f&eacute;lelmetes), ez&eacute;rt az &bdquo;szent&rdquo; vagy &bdquo;megszentelt&rdquo;, aki vagy ami Isten sz&aacute;m&aacute;ra &bdquo;elk&uuml;l&ouml;n&iacute;tett&rdquo; (pl. hely, &eacute;p&uuml;let, id&#337;pont, id&#337;szak, t&aacute;rgy, r&iacute;tus, &iacute;r&aacute;s, jel, n&eacute;p, ember).<\/p>\n<p>A Bibli&aacute;ban Isten kiv&aacute;laszt egy n&eacute;pet, ezzel el is v&aacute;lasztja &#337;ket m&aacute;s n&eacute;pekt&#337;l, de nem az&eacute;rt, mert eleve k&uuml;l&ouml;nbek lenn&eacute;nek, hanem hogy m&aacute;sok sz&aacute;m&aacute;ra mint&aacute;v&aacute;, &aacute;ld&aacute;ss&aacute; v&aacute;ljanak (1M&oacute;z 12:2-3, &Eacute;zs 43:21 v&ouml;. Jn 15:16,19). Isten szents&eacute;ge, eg&eacute;szen m&aacute;s volta &iacute;gy embert &eacute;s vil&aacute;g&aacute;t megv&aacute;ltoztat&oacute; er&#337;k&eacute;nt jelenik meg (3M&oacute;z 19:2, 1Pt 1:15-16). A Tanakh-ban eg&eacute;sz Izrael (2M&oacute;z 19:5-6), az &Uacute;jsz&ouml;vets&eacute;gben is az eg&eacute;sz egyh&aacute;z Isten &bdquo;szent n&eacute;pe&rdquo; vagy &bdquo;szent nemzete&rdquo; (2Pt 1:9-10), illetve minden Krisztus-h&iacute;v&#337; &bdquo;szent&rdquo;, &eacute;s ennek meg&eacute;l&eacute;se az &eacute;letfeladata (R&oacute;m 6:19-22).<\/p>\n<p>V&ouml;. <a href=\"https:\/\/apologia.hu\/tudastar\/lexikon\/szentte-avatas\/\" target=\"_self\" title=\"A kereszt&eacute;ny egyh&aacute;z &uuml;ld&ouml;ztet&eacute;sekkel teli els&#337; h&aacute;rom &eacute;vsz&aacute;zad&aacute;ban spont&aacute;n m&oacute;don alakult ki a v&eacute;rtan&uacute;k (m&aacute;rt&iacute;rok) tisztelete. A k&ouml;z&eacute;pkorra azonban olyan h&iacute;v&#337;ket kezdtek &bdquo;szent&rdquo;-nek nevezni, akiknek a vall&aacute;soss&aacute;ga az &aacute;tlag h&iacute;v&#337;k&eacute;t valamilyen t&eacute;ren rendk&iacute;v&uuml;li m&oacute;don, illetve p&eacute;ldaad&oacute;an meghaladta. A &bdquo;szentek&rdquo; neve beker&uuml;lt az egyh&aacute;zi kalend&aacute;riumba, &eacute;s f&ouml;ldi &eacute;let&uuml;k, lelkis&eacute;g&uuml;k, szolg&aacute;latuk alapj&aacute;n az &eacute;let egy-egy ter&uuml;let&eacute;n speci&aacute;lis&hellip;\" class=\"encyclopedia\">szentt&eacute; avat&aacute;s<\/a>, <a href=\"https:\/\/apologia.hu\/tudastar\/lexikon\/szentek\/\" target=\"_self\" title=\"Az angol the Saints ford&iacute;t&aacute;sa, az Utols&oacute; Napi Szentek J&eacute;zus Krisztus Egyh&aacute;za (a mormon vall&aacute;s) tagjai &ouml;nmegjel&ouml;l&eacute;se, identit&aacute;sa. V&ouml;. szents&eacute;g\" class=\"encyclopedia\">a Szentek<\/a><\/p>\n<div id=\"mouseposition-extension-element-full-container\" style=\"position: fixed; inset: 0px; pointer-events: none; z-index: 2147483647; font-weight: 400;\">\n<div id=\"mouseposition-extension-element-rect-display\" style=\"display: none; position: absolute; background: rgba(255, 255, 255, 0.7); outline: black solid 1px; font-size: 12px; z-index: 2147483647; justify-content: center; align-items: center; user-select: none; cursor: default; color: #000000; font-family: 'Helvetica Neue', Helvetica, Arial, sans-serif; width: 0px; height: 0px;\">\n<pre style=\"flex: 1 1 0%; text-align: center; background-color: rgba(255, 255, 255, 0.7); color: #000000; min-width: 42px; min-height: 12px; transition: all 1s ease 0s;\"><\/pre>\n<\/div>\n<pre id=\"mouseposition-extension-element-coordinate-display\" style=\"position: absolute; display: none; background: #ffffff; font-size: 12px; line-height: 14px; border-radius: 3px; border-width: 1px; border-color: #222222 black #333333; border-style: solid; padding: 3px; z-index: 2147483647; color: #222222; user-select: none; cursor: default; font-family: 'Helvetica Neue', Helvetica, Arial, sans-serif;\"><\/pre>\n<\/div>\n","protected":false},"excerpt":{"rendered":"<p>A latin sanctus sz\u00f3b\u00f3l \u2013 A szents\u00e9g az izraelita \u00e9s kereszt\u00e9ny vall\u00e1s saj\u00e1tos teol\u00f3giai alapfogalma. A \u201eszent\u201d [h\u00e9ber qad\u00f3s, g\u00f6r\u00f6g hagiosz] el\u0151sz\u00f6r is Isten tulajdons\u00e1ga: \u0151 \u201eeg\u00e9szen m\u00e1s\u201d (egyszerre csod\u00e1latos \u00e9s f\u00e9lelmetes), ez\u00e9rt az \u201eszent\u201d vagy \u201emegszentelt\u201d, aki vagy ami Isten sz\u00e1m\u00e1ra \u201eelk\u00fcl\u00f6n\u00edtett\u201d (pl. hely, \u00e9p\u00fclet, id\u0151pont, id\u0151szak, t\u00e1rgy, r\u00edtus, \u00edr\u00e1s, jel, n\u00e9p, ember). A &#8230;<\/p>\n","protected":false},"author":2,"featured_media":0,"template":"","encyclopedia-tag":[],"class_list":["post-8977","encyclopedia","type-encyclopedia","status-publish","hentry"],"_links":{"self":[{"href":"https:\/\/apologia.hu\/tudastar\/wp-json\/wp\/v2\/encyclopedia\/8977","targetHints":{"allow":["GET"]}}],"collection":[{"href":"https:\/\/apologia.hu\/tudastar\/wp-json\/wp\/v2\/encyclopedia"}],"about":[{"href":"https:\/\/apologia.hu\/tudastar\/wp-json\/wp\/v2\/types\/encyclopedia"}],"author":[{"embeddable":true,"href":"https:\/\/apologia.hu\/tudastar\/wp-json\/wp\/v2\/users\/2"}],"version-history":[{"count":6,"href":"https:\/\/apologia.hu\/tudastar\/wp-json\/wp\/v2\/encyclopedia\/8977\/revisions"}],"predecessor-version":[{"id":14930,"href":"https:\/\/apologia.hu\/tudastar\/wp-json\/wp\/v2\/encyclopedia\/8977\/revisions\/14930"}],"wp:attachment":[{"href":"https:\/\/apologia.hu\/tudastar\/wp-json\/wp\/v2\/media?parent=8977"}],"wp:term":[{"taxonomy":"encyclopedia-tag","embeddable":true,"href":"https:\/\/apologia.hu\/tudastar\/wp-json\/wp\/v2\/encyclopedia-tag?post=8977"}],"curies":[{"name":"wp","href":"https:\/\/api.w.org\/{rel}","templated":true}]}}

szentség

<p>A latin sanctus szóból – A szentség az izraelita és keresztény vallás sajátos teológiai alapfogalma. A „szent” [héber qadós, görög hagiosz] először is Isten tulajdonsága: ő „egészen más” (egyszerre csodálatos és félelmetes), ezért az „szent” vagy „megszentelt”, aki vagy ami Isten számára „elkülönített” (pl. hely, épület, időpont, időszak, tárgy, rítus, írás, jel, nép, ember). A &#8230;</p>
