{"id":8978,"date":"2022-07-06T21:43:10","date_gmt":"2022-07-06T19:43:10","guid":{"rendered":"https:\/\/apologia.hu\/tudastar\/lexikon\/szentte-avatas\/"},"modified":"2022-11-26T13:42:48","modified_gmt":"2022-11-26T12:42:48","slug":"szentte-avatas","status":"publish","type":"encyclopedia","link":"https:\/\/apologia.hu\/tudastar\/lexikon\/szentte-avatas\/","title":{"rendered":"szentt\u00e9 avat\u00e1s"},"content":{"rendered":"<p>A kereszt&eacute;ny egyh&aacute;z &uuml;ld&ouml;ztet&eacute;sekkel teli els&#337; h&aacute;rom &eacute;vsz&aacute;zad&aacute;ban spont&aacute;n m&oacute;don alakult ki a v&eacute;rtan&uacute;k (m&aacute;rt&iacute;rok) tisztelete. A k&ouml;z&eacute;pkorra azonban olyan h&iacute;v&#337;ket kezdtek &bdquo;szent&rdquo;-nek nevezni, akiknek a vall&aacute;soss&aacute;ga az &aacute;tlag h&iacute;v&#337;k&eacute;t valamilyen t&eacute;ren rendk&iacute;v&uuml;li m&oacute;don, illetve p&eacute;ldaad&oacute;an meghaladta. A &bdquo;szentek&rdquo; neve beker&uuml;lt az egyh&aacute;zi kalend&aacute;riumba, &eacute;s f&ouml;ldi &eacute;let&uuml;k, lelkis&eacute;g&uuml;k, szolg&aacute;latuk alapj&aacute;n az &eacute;let egy-egy ter&uuml;let&eacute;n speci&aacute;lis t&uacute;lvil&aacute;gi k&ouml;zbenj&aacute;r&oacute;, v&eacute;delmez&#337; szerepet kaptak, ez&eacute;rt terjedt el a hozz&aacute;juk val&oacute; im&aacute;ds&aacute;g &eacute;s a t&#337;l&uuml;k val&oacute; seg&iacute;ts&eacute;gk&eacute;r&eacute;s.<\/p>\n<p>Mivel &ndash; az egyh&aacute;z &aacute;ltali &ndash; szentt&eacute; avat&aacute;snak nincs bibliai alapja (ld. <a href=\"https:\/\/apologia.hu\/tudastar\/lexikon\/szent\/\" target=\"_self\" title=\"A latin sanctus sz&oacute;b&oacute;l &ndash; A szents&eacute;g az izraelita &eacute;s kereszt&eacute;ny vall&aacute;s saj&aacute;tos teol&oacute;giai alapfogalma. A &bdquo;szent&rdquo; [h&eacute;ber qad&oacute;s, g&ouml;r&ouml;g hagiosz] el&#337;sz&ouml;r is Isten tulajdons&aacute;ga: &#337; &bdquo;eg&eacute;szen m&aacute;s&rdquo; (egyszerre csod&aacute;latos &eacute;s f&eacute;lelmetes), ez&eacute;rt az &bdquo;szent&rdquo; vagy &bdquo;megszentelt&rdquo;, aki vagy ami Isten sz&aacute;m&aacute;ra &bdquo;elk&uuml;l&ouml;n&iacute;tett&rdquo; (pl. hely, &eacute;p&uuml;let, id&#337;pont, id&#337;szak, t&aacute;rgy, r&iacute;tus, &iacute;r&aacute;s, jel, n&eacute;p, ember). A&hellip;\" class=\"encyclopedia\">szents&eacute;g<\/a>), ahol a &bdquo;szent&rdquo; fogalm&aacute;t c&iacute;mk&eacute;nt haszn&aacute;lt&aacute;k az egyh&aacute;zban, m&aacute;s &eacute;s m&aacute;s felt&eacute;telhez szabt&aacute;k. V&eacute;g&uuml;l a latin egyh&aacute;zban IV. Ince p&aacute;pa 1243-ban kiz&aacute;r&oacute;lagos p&aacute;pai jogk&ouml;rbe utalta a szentt&eacute; avat&aacute;st, 1588-ban V. Szixtusz p&aacute;pa l&eacute;trehozta <a href=\"https:\/\/apologia.hu\/tudastar\/lexikon\/szentek\/\" target=\"_self\" title=\"Az angol the Saints ford&iacute;t&aacute;sa, az Utols&oacute; Napi Szentek J&eacute;zus Krisztus Egyh&aacute;za (a mormon vall&aacute;s) tagjai &ouml;nmegjel&ouml;l&eacute;se, identit&aacute;sa. V&ouml;. szents&eacute;g\" class=\"encyclopedia\">a szentek<\/a> &uuml;gyeiben is illet&eacute;kes R&iacute;tuskongreg&aacute;ci&oacute;t, 1625-ben pedig VIII. Orb&aacute;n p&aacute;pa meghat&aacute;rozta az elj&aacute;r&aacute;s r&eacute;szleteit. Mivel VI. P&aacute;l p&aacute;pa a liturgikus &uuml;gyeket elvette a kongreg&aacute;ci&oacute;t&oacute;l, 1988-ban II. J&aacute;nos P&aacute;l p&aacute;pa r&eacute;v&eacute;n a hivatal neve Szentt&eacute;avat&aacute;si &Uuml;gyek Kongreg&aacute;ci&oacute;ja lett.<\/p>\n<p># A <a href=\"https:\/\/apologia.hu\/tudastar\/lexikon\/reformacio\/\" target=\"_self\" title=\"A latin reformatio = &bdquo;visszaalak&iacute;t&aacute;s&rdquo; sz&oacute;b&oacute;l. A 16. sz-i n&eacute;met &eacute;s sv&aacute;jci &bdquo;reform&aacute;torok&rdquo; (Zwingli, Luther, K&aacute;lvin &eacute;s m&aacute;sok) &aacute;ltal vezetett meg&uacute;jul&aacute;si mozgalom, amelynek c&eacute;lja a kereszt&eacute;ny hittan &eacute;s hit&eacute;let szent&iacute;r&aacute;si &eacute;s &oacute;egyh&aacute;zi alapokra val&oacute; &bdquo;visszaalak&iacute;t&aacute;sa&rdquo; volt &ndash; a skolasztikus teol&oacute;gia t&uacute;lhajt&aacute;saival, a latin k&aacute;nonjog vissza&eacute;l&eacute;seivel &eacute;s a n&eacute;pi vall&aacute;soss&aacute;g torzul&aacute;saival szemben.&nbsp; A reform&aacute;torok tev&eacute;kenys&eacute;g&eacute;nek volt&hellip;\" class=\"encyclopedia\">reform&aacute;ci&oacute;<\/a> a <a href=\"https:\/\/apologia.hu\/tudastar\/lexikon\/szent\/\" target=\"_self\" title=\"A latin sanctus sz&oacute;b&oacute;l &ndash; A szents&eacute;g az izraelita &eacute;s kereszt&eacute;ny vall&aacute;s saj&aacute;tos teol&oacute;giai alapfogalma. A &bdquo;szent&rdquo; [h&eacute;ber qad&oacute;s, g&ouml;r&ouml;g hagiosz] el&#337;sz&ouml;r is Isten tulajdons&aacute;ga: &#337; &bdquo;eg&eacute;szen m&aacute;s&rdquo; (egyszerre csod&aacute;latos &eacute;s f&eacute;lelmetes), ez&eacute;rt az &bdquo;szent&rdquo; vagy &bdquo;megszentelt&rdquo;, aki vagy ami Isten sz&aacute;m&aacute;ra &bdquo;elk&uuml;l&ouml;n&iacute;tett&rdquo; (pl. hely, &eacute;p&uuml;let, id&#337;pont, id&#337;szak, t&aacute;rgy, r&iacute;tus, &iacute;r&aacute;s, jel, n&eacute;p, ember). A&hellip;\" class=\"encyclopedia\">szents&eacute;g<\/a> fenti &eacute;rtelmez&eacute;s&eacute;t, a szentt&eacute; avat&aacute;s gyakorlat&aacute;t, illetve az elhunyt &eacute;s a mennyben &eacute;l&#337; szentek k&ouml;zbenj&aacute;r&oacute; vagy v&eacute;delmez&#337; szerep&eacute;t elvetette. A <a href=\"https:\/\/apologia.hu\/tudastar\/lexikon\/protestans\/\" target=\"_self\" title=\"Az &uacute;n. protestantizmus h&iacute;ve, ilyen jelleg&#369;, illetve ilyen k&ouml;z&ouml;ss&eacute;g, teol&oacute;gia, lelkis&eacute;g stb. A latin protestatio = &bdquo;k&uuml;l&ouml;nv&eacute;lem&eacute;ny&rdquo; jogi kifejez&eacute;sb&#337;l.&nbsp; A reform&aacute;ci&oacute; idej&eacute;n, az 1529-es speyeri birodalmi gy&#369;l&eacute;sen V. K&aacute;roly n&eacute;met-r&oacute;mai cs&aacute;sz&aacute;r meger&#337;s&iacute;tette az 1521-es wormsi ediktum reform&aacute;ci&oacute;-ellenes rendelkez&eacute;seit. Ez ellen &bdquo;protest&aacute;ltak&rdquo;, azaz tiltakoztak beadv&aacute;nyukkal az evang&eacute;likus hit&#369; fejedelmek &eacute;s birodalmi v&aacute;rosok k&eacute;pvisel&#337;i.&nbsp; A &bdquo;protest&aacute;ns&rdquo; kifejez&eacute;st&hellip;\" class=\"encyclopedia\">protest&aacute;ns<\/a> &aacute;ll&aacute;spont szerint, b&aacute;r a seg&iacute;ts&eacute;gk&eacute;r&eacute;s nem azonos az im&aacute;dattal, ami csak Istennek j&aacute;r, seg&iacute;ts&eacute;get is Istent&#337;l kell, &eacute;s csak t&#337;le lehet k&eacute;rni.<\/p>\n<div id=\"mouseposition-extension-element-full-container\" style=\"position: fixed; inset: 0px; pointer-events: none; z-index: 2147483647; font-weight: 400;\">\n<div id=\"mouseposition-extension-element-rect-display\" style=\"display: none; position: absolute; background: rgba(255, 255, 255, 0.7); outline: black solid 1px; font-size: 12px; z-index: 2147483647; justify-content: center; align-items: center; user-select: none; cursor: default; color: #000000; font-family: 'Helvetica Neue', Helvetica, Arial, sans-serif; width: 0px; height: 0px;\">\n<pre style=\"flex: 1 1 0%; text-align: center; background-color: rgba(255, 255, 255, 0.7); color: #000000; min-width: 42px; min-height: 12px; transition: all 1s ease 0s;\"><\/pre>\n<\/div>\n<pre id=\"mouseposition-extension-element-coordinate-display\" style=\"position: absolute; display: none; background: #ffffff; font-size: 12px; line-height: 14px; border-radius: 3px; border-width: 1px; border-color: #222222 black #333333; border-style: solid; padding: 3px; z-index: 2147483647; color: #222222; user-select: none; cursor: default; font-family: 'Helvetica Neue', Helvetica, Arial, sans-serif;\"><\/pre>\n<\/div>\n","protected":false},"excerpt":{"rendered":"<p>A kereszt\u00e9ny egyh\u00e1z \u00fcld\u00f6ztet\u00e9sekkel teli els\u0151 h\u00e1rom \u00e9vsz\u00e1zad\u00e1ban spont\u00e1n m\u00f3don alakult ki a v\u00e9rtan\u00fak (m\u00e1rt\u00edrok) tisztelete. A k\u00f6z\u00e9pkorra azonban olyan h\u00edv\u0151ket kezdtek \u201eszent\u201d-nek nevezni, akiknek a vall\u00e1soss\u00e1ga az \u00e1tlag h\u00edv\u0151k\u00e9t valamilyen t\u00e9ren rendk\u00edv\u00fcli m\u00f3don, illetve p\u00e9ldaad\u00f3an meghaladta. A \u201eszentek\u201d neve beker\u00fclt az egyh\u00e1zi kalend\u00e1riumba, \u00e9s f\u00f6ldi \u00e9let\u00fck, lelkis\u00e9g\u00fck, szolg\u00e1latuk alapj\u00e1n az \u00e9let egy-egy ter\u00fclet\u00e9n speci\u00e1lis &#8230;<\/p>\n","protected":false},"author":2,"featured_media":0,"template":"","encyclopedia-tag":[],"class_list":["post-8978","encyclopedia","type-encyclopedia","status-publish","hentry"],"_links":{"self":[{"href":"https:\/\/apologia.hu\/tudastar\/wp-json\/wp\/v2\/encyclopedia\/8978","targetHints":{"allow":["GET"]}}],"collection":[{"href":"https:\/\/apologia.hu\/tudastar\/wp-json\/wp\/v2\/encyclopedia"}],"about":[{"href":"https:\/\/apologia.hu\/tudastar\/wp-json\/wp\/v2\/types\/encyclopedia"}],"author":[{"embeddable":true,"href":"https:\/\/apologia.hu\/tudastar\/wp-json\/wp\/v2\/users\/2"}],"version-history":[{"count":7,"href":"https:\/\/apologia.hu\/tudastar\/wp-json\/wp\/v2\/encyclopedia\/8978\/revisions"}],"predecessor-version":[{"id":14933,"href":"https:\/\/apologia.hu\/tudastar\/wp-json\/wp\/v2\/encyclopedia\/8978\/revisions\/14933"}],"wp:attachment":[{"href":"https:\/\/apologia.hu\/tudastar\/wp-json\/wp\/v2\/media?parent=8978"}],"wp:term":[{"taxonomy":"encyclopedia-tag","embeddable":true,"href":"https:\/\/apologia.hu\/tudastar\/wp-json\/wp\/v2\/encyclopedia-tag?post=8978"}],"curies":[{"name":"wp","href":"https:\/\/api.w.org\/{rel}","templated":true}]}}

szentté avatás

<p>A keresztény egyház üldöztetésekkel teli első három évszázadában spontán módon alakult ki a vértanúk (mártírok) tisztelete. A középkorra azonban olyan hívőket kezdtek „szent”-nek nevezni, akiknek a vallásossága az átlag hívőkét valamilyen téren rendkívüli módon, illetve példaadóan meghaladta. A „szentek” neve bekerült az egyházi kalendáriumba, és földi életük, lelkiségük, szolgálatuk alapján az élet egy-egy területén speciális &#8230;</p>
