{"id":9162,"date":"2022-07-06T21:43:16","date_gmt":"2022-07-06T19:43:16","guid":{"rendered":"https:\/\/apologia.hu\/tudastar\/lexikon\/jaszrib\/"},"modified":"2022-07-22T15:40:10","modified_gmt":"2022-07-22T13:40:10","slug":"jaszrib","status":"publish","type":"encyclopedia","link":"https:\/\/apologia.hu\/tudastar\/lexikon\/jaszrib\/","title":{"rendered":"Jaszrib"},"content":{"rendered":"<p>Arab v&aacute;rosn&eacute;v, a k&eacute;s&#337;bbi <a href=\"https:\/\/apologia.hu\/tudastar\/lexikon\/medina\/\" target=\"_self\" title=\"V&aacute;rosn&eacute;v, az ar&aacute;biai Jaszrib arab ragadv&aacute;nynev&eacute;b&#337;l: &bdquo;a Pr&oacute;f&eacute;ta V&aacute;rosa&rdquo; [Madinat an-Nab&iacute;]. Mohamed ide t&aacute;vozott Mekk&aacute;b&oacute;l 622-ben [hidzsra]. A v&aacute;ros hagyom&aacute;nyosan ellens&eacute;gesked&#337; kl&aacute;njait egym&aacute;ssal kib&eacute;k&iacute;tette, vall&aacute;si alapon egyes&iacute;tette (ha mind muszlimok, mind testv&eacute;rek), a pog&aacute;ny mekkaiakkal val&oacute; harcot innen ir&aacute;ny&iacute;totta. Medina Mohamed &eacute;let&eacute;nek m&aacute;sodik szakasz&aacute;t f&eacute;mjelzi (622-632), a Kor&aacute;n sz&ouml;vegeinek egy r&eacute;sze itt keletkezett [Madan&iacute;], szemben&hellip;\" class=\"encyclopedia\">Medina<\/a> [<em>Madinat an-Nab&iacute; <\/em>&ndash; &bdquo;A Pr&oacute;f&eacute;ta V&aacute;rosa&rdquo;] eredeti neve.<\/p>\n<div id=\"mouseposition-extension-element-full-container\" style=\"position: fixed; inset: 0px; pointer-events: none; z-index: 2147483647; font-weight: 400;\">\n<div id=\"mouseposition-extension-element-rect-display\" style=\"display: none; position: absolute; background: rgba(255, 255, 255, 0.7); outline: black solid 1px; font-size: 12px; z-index: 2147483647; justify-content: center; align-items: center; user-select: none; cursor: default; color: #000000; font-family: 'Helvetica Neue', Helvetica, Arial, sans-serif; width: 0px; height: 0px;\">\n<pre style=\"flex: 1 1 0%; text-align: center; background-color: rgba(255, 255, 255, 0.7); color: #000000; min-width: 42px; min-height: 12px; transition: all 1s ease 0s;\"><\/pre>\n<\/div>\n<pre id=\"mouseposition-extension-element-coordinate-display\" style=\"position: absolute; display: none; background: #ffffff; font-size: 12px; line-height: 14px; border-radius: 3px; border-width: 1px; border-color: #222222 black #333333; border-style: solid; padding: 3px; z-index: 2147483647; color: #222222; user-select: none; cursor: default; font-family: 'Helvetica Neue', Helvetica, Arial, sans-serif;\"><\/pre>\n<\/div>\n","protected":false},"excerpt":{"rendered":"<p>Arab v\u00e1rosn\u00e9v, a k\u00e9s\u0151bbi Medina [Madinat an-Nab\u00ed \u2013 \u201eA Pr\u00f3f\u00e9ta V\u00e1rosa\u201d] eredeti neve.<\/p>\n","protected":false},"author":2,"featured_media":0,"template":"","encyclopedia-tag":[],"class_list":["post-9162","encyclopedia","type-encyclopedia","status-publish","hentry"],"_links":{"self":[{"href":"https:\/\/apologia.hu\/tudastar\/wp-json\/wp\/v2\/encyclopedia\/9162","targetHints":{"allow":["GET"]}}],"collection":[{"href":"https:\/\/apologia.hu\/tudastar\/wp-json\/wp\/v2\/encyclopedia"}],"about":[{"href":"https:\/\/apologia.hu\/tudastar\/wp-json\/wp\/v2\/types\/encyclopedia"}],"author":[{"embeddable":true,"href":"https:\/\/apologia.hu\/tudastar\/wp-json\/wp\/v2\/users\/2"}],"version-history":[{"count":1,"href":"https:\/\/apologia.hu\/tudastar\/wp-json\/wp\/v2\/encyclopedia\/9162\/revisions"}],"predecessor-version":[{"id":10648,"href":"https:\/\/apologia.hu\/tudastar\/wp-json\/wp\/v2\/encyclopedia\/9162\/revisions\/10648"}],"wp:attachment":[{"href":"https:\/\/apologia.hu\/tudastar\/wp-json\/wp\/v2\/media?parent=9162"}],"wp:term":[{"taxonomy":"encyclopedia-tag","embeddable":true,"href":"https:\/\/apologia.hu\/tudastar\/wp-json\/wp\/v2\/encyclopedia-tag?post=9162"}],"curies":[{"name":"wp","href":"https:\/\/api.w.org\/{rel}","templated":true}]}}

<p>Arab városnév, a későbbi Medina [Madinat an-Nabí – „A Próféta Városa”] eredeti neve.</p>
